Last updated on 2023-09-22 19:54:46 CEST.
Flavor | Version | Tinstall | Tcheck | Ttotal | Status | Flags |
---|---|---|---|---|---|---|
r-devel-linux-x86_64-debian-clang | 0.0.3 | 15.13 | 223.05 | 238.18 | OK | |
r-devel-linux-x86_64-debian-gcc | 0.0.3 | 13.29 | 165.91 | 179.20 | OK | |
r-devel-linux-x86_64-fedora-clang | 0.0.3 | 307.39 | NOTE | |||
r-devel-linux-x86_64-fedora-gcc | 0.0.3 | 289.66 | NOTE | |||
r-devel-windows-x86_64 | 0.0.3 | 16.00 | 171.00 | 187.00 | OK | |
r-patched-linux-x86_64 | 0.0.3 | 14.47 | 209.18 | 223.65 | OK | |
r-release-linux-x86_64 | 0.0.3 | 11.15 | 210.87 | 222.02 | OK | |
r-release-macos-arm64 | 0.0.3 | 104.00 | OK | |||
r-release-macos-x86_64 | 0.0.3 | 149.00 | OK | |||
r-release-windows-x86_64 | 0.0.3 | 19.00 | 213.00 | 232.00 | OK | |
r-oldrel-macos-arm64 | 0.0.3 | 56.00 | NOTE | |||
r-oldrel-macos-x86_64 | 0.0.3 | 81.00 | NOTE | |||
r-oldrel-windows-x86_64 | 0.0.3 | 18.00 | 213.00 | 231.00 | OK |
Version: 0.0.3
Check: data for non-ASCII characters
Result: NOTE
Note: found 551 marked UTF-8 strings
Flavors: r-devel-linux-x86_64-fedora-clang, r-devel-linux-x86_64-fedora-gcc, r-oldrel-macos-arm64, r-oldrel-macos-x86_64