Last updated on 2023-10-01 08:52:12 CEST.
Flavor | Version | Tinstall | Tcheck | Ttotal | Status | Flags |
---|---|---|---|---|---|---|
r-devel-linux-x86_64-debian-clang | 0.2.0 | 9.15 | 76.38 | 85.53 | NOTE | |
r-devel-linux-x86_64-debian-gcc | 0.2.0 | 6.81 | 57.23 | 64.04 | NOTE | |
r-devel-linux-x86_64-fedora-clang | 0.2.0 | 101.46 | NOTE | |||
r-devel-linux-x86_64-fedora-gcc | 0.2.0 | 100.39 | NOTE | |||
r-devel-windows-x86_64 | 0.2.0 | 8.00 | 83.00 | 91.00 | NOTE | |
r-patched-linux-x86_64 | 0.2.0 | 9.00 | 73.28 | 82.28 | NOTE | |
r-release-linux-x86_64 | 0.2.0 | 8.85 | 73.94 | 82.79 | NOTE | |
r-release-macos-arm64 | 0.2.0 | 35.00 | NOTE | |||
r-release-macos-x86_64 | 0.2.0 | 55.00 | NOTE | |||
r-release-windows-x86_64 | 0.2.0 | 10.00 | 94.00 | 104.00 | NOTE | |
r-oldrel-macos-arm64 | 0.2.0 | 32.00 | NOTE | |||
r-oldrel-macos-x86_64 | 0.2.0 | 44.00 | NOTE | |||
r-oldrel-windows-x86_64 | 0.2.0 | 11.00 | 89.00 | 100.00 | NOTE |
Version: 0.2.0
Check: LazyData
Result: NOTE
'LazyData' is specified without a 'data' directory
Flavors: r-devel-linux-x86_64-debian-clang, r-devel-linux-x86_64-debian-gcc, r-devel-linux-x86_64-fedora-clang, r-devel-linux-x86_64-fedora-gcc, r-devel-windows-x86_64, r-patched-linux-x86_64, r-release-linux-x86_64, r-release-macos-arm64, r-release-macos-x86_64, r-release-windows-x86_64, r-oldrel-macos-arm64, r-oldrel-macos-x86_64, r-oldrel-windows-x86_64