Last updated on 2024-04-26 19:49:27 CEST.
Flavor | Version | Tinstall | Tcheck | Ttotal | Status | Flags |
---|---|---|---|---|---|---|
r-devel-linux-x86_64-debian-clang | 0.1.1 | 68.07 | 123.51 | 191.58 | NOTE | |
r-devel-linux-x86_64-debian-gcc | 0.1.1 | 49.15 | 94.08 | 143.23 | NOTE | |
r-devel-linux-x86_64-fedora-clang | 0.1.1 | 267.48 | NOTE | |||
r-devel-linux-x86_64-fedora-gcc | 0.1.1 | 273.47 | NOTE | |||
r-devel-windows-x86_64 | 0.1.1 | 51.00 | 128.00 | 179.00 | NOTE | |
r-patched-linux-x86_64 | 0.1.1 | 44.36 | 119.49 | 163.85 | NOTE | |
r-release-linux-x86_64 | 0.1.1 | 44.43 | 118.35 | 162.78 | NOTE | |
r-release-macos-arm64 | 0.1.1 | 69.00 | NOTE | |||
r-release-windows-x86_64 | 0.1.1 | 48.00 | 129.00 | 177.00 | NOTE | |
r-oldrel-macos-arm64 | 0.1.1 | 77.00 | NOTE | |||
r-oldrel-macos-x86_64 | 0.1.1 | 129.00 | NOTE | |||
r-oldrel-windows-x86_64 | 0.1.1 | 65.00 | 152.00 | 217.00 | NOTE |
Version: 0.1.1
Check: C++ specification
Result: NOTE
Specified C++11: please drop specification unless essential
Flavors: r-devel-linux-x86_64-debian-clang, r-devel-linux-x86_64-debian-gcc, r-devel-linux-x86_64-fedora-clang, r-devel-linux-x86_64-fedora-gcc, r-devel-windows-x86_64, r-patched-linux-x86_64, r-release-linux-x86_64, r-release-macos-arm64, r-release-windows-x86_64, r-oldrel-macos-arm64, r-oldrel-macos-x86_64, r-oldrel-windows-x86_64