Last updated on 2024-03-28 07:53:05 CET.
Flavor | Version | Tinstall | Tcheck | Ttotal | Status | Flags |
---|---|---|---|---|---|---|
r-devel-linux-x86_64-debian-clang | 0.3.1 | 48.92 | 43.65 | 92.57 | NOTE | |
r-devel-linux-x86_64-debian-gcc | 0.3.1 | 41.08 | 33.31 | 74.39 | NOTE | |
r-devel-linux-x86_64-fedora-clang | 0.3.1 | 113.96 | NOTE | |||
r-devel-linux-x86_64-fedora-gcc | 0.3.1 | 142.92 | NOTE | |||
r-devel-windows-x86_64 | 0.3.1 | 54.00 | 80.00 | 134.00 | NOTE | |
r-patched-linux-x86_64 | 0.3.1 | 51.46 | 40.96 | 92.42 | NOTE | |
r-release-linux-x86_64 | 0.3.1 | 46.46 | 39.46 | 85.92 | NOTE | |
r-release-macos-arm64 | 0.3.1 | 40.00 | NOTE | |||
r-release-macos-x86_64 | 0.3.1 | 104.00 | NOTE | |||
r-release-windows-x86_64 | 0.3.1 | 56.00 | 91.00 | 147.00 | NOTE | |
r-oldrel-macos-arm64 | 0.3.1 | 44.00 | NOTE | |||
r-oldrel-windows-x86_64 | 0.3.1 | 58.00 | 84.00 | 142.00 | NOTE |
Version: 0.3.1
Check: package dependencies
Result: NOTE
Package suggested but not available for checking: ‘swephRdata’
Flavors: r-devel-linux-x86_64-debian-clang, r-devel-linux-x86_64-debian-gcc, r-devel-linux-x86_64-fedora-clang, r-devel-linux-x86_64-fedora-gcc, r-devel-windows-x86_64, r-patched-linux-x86_64, r-release-linux-x86_64, r-release-macos-arm64, r-release-macos-x86_64, r-release-windows-x86_64, r-oldrel-macos-arm64, r-oldrel-windows-x86_64