Last updated on 2024-04-18 08:54:51 CEST.
Flavor | Version | Tinstall | Tcheck | Ttotal | Status | Flags |
---|---|---|---|---|---|---|
r-devel-linux-x86_64-debian-clang | 0.1.0 | 8.56 | 91.79 | 100.35 | NOTE | |
r-devel-linux-x86_64-debian-gcc | 0.1.0 | 7.30 | 66.79 | 74.09 | NOTE | |
r-devel-linux-x86_64-fedora-clang | 0.1.0 | 124.46 | NOTE | |||
r-devel-linux-x86_64-fedora-gcc | 0.1.0 | 121.30 | NOTE | |||
r-prerel-macos-arm64 | 0.1.0 | 42.00 | NOTE | |||
r-prerel-windows-x86_64 | 0.1.0 | 8.00 | 80.00 | 88.00 | NOTE | |
r-patched-linux-x86_64 | 0.1.0 | 7.67 | 85.83 | 93.50 | NOTE | |
r-release-linux-x86_64 | 0.1.0 | 9.22 | 86.03 | 95.25 | OK | |
r-release-macos-arm64 | 0.1.0 | 38.00 | OK | |||
r-release-macos-x86_64 | 0.1.0 | 64.00 | OK | |||
r-release-windows-x86_64 | 0.1.0 | 11.00 | 97.00 | 108.00 | OK | |
r-oldrel-macos-arm64 | 0.1.0 | 36.00 | OK | |||
r-oldrel-windows-x86_64 | 0.1.0 | 11.00 | 101.00 | 112.00 | OK |
Version: 0.1.0
Check: Rd files
Result: NOTE
checkRd: (-1) eff_n.Rd:32: Lost braces; missing escapes or markup?
32 | \code{\link[survey:surveysummary]{survey::svymean()}} and related functions from the {survey}
| ^
Flavors: r-devel-linux-x86_64-debian-clang, r-devel-linux-x86_64-debian-gcc, r-devel-linux-x86_64-fedora-clang, r-devel-linux-x86_64-fedora-gcc, r-prerel-macos-arm64, r-prerel-windows-x86_64, r-patched-linux-x86_64