Last updated on 2024-03-29 07:54:58 CET.
Flavor | Version | Tinstall | Tcheck | Ttotal | Status | Flags |
---|---|---|---|---|---|---|
r-devel-linux-x86_64-debian-clang | 1.0.6 | 197.10 | 173.45 | 370.55 | NOTE | |
r-devel-linux-x86_64-debian-gcc | 1.0.6 | 135.65 | 124.28 | 259.93 | NOTE | |
r-devel-linux-x86_64-fedora-clang | 1.0.6 | 481.21 | NOTE | |||
r-devel-linux-x86_64-fedora-gcc | 1.0.6 | 470.88 | NOTE | |||
r-devel-windows-x86_64 | 1.0.6 | 148.00 | 157.00 | 305.00 | NOTE | |
r-patched-linux-x86_64 | 1.0.6 | 138.11 | 165.94 | 304.05 | NOTE | |
r-release-linux-x86_64 | 1.0.6 | 128.94 | 190.76 | 319.70 | NOTE | |
r-release-macos-arm64 | 1.0.6 | 118.00 | NOTE | |||
r-release-macos-x86_64 | 1.0.6 | 239.00 | NOTE | |||
r-release-windows-x86_64 | 1.0.6 | 183.00 | 198.00 | 381.00 | NOTE | |
r-oldrel-macos-arm64 | 1.0.6 | 115.00 | NOTE | |||
r-oldrel-windows-x86_64 | 1.0.6 | 163.00 | 203.00 | 366.00 | NOTE |
Version: 1.0.6
Check: package dependencies
Result: NOTE
Package suggested but not available for checking: ‘gurobi’
Flavors: r-devel-linux-x86_64-debian-clang, r-devel-linux-x86_64-debian-gcc, r-devel-linux-x86_64-fedora-clang, r-devel-linux-x86_64-fedora-gcc, r-devel-windows-x86_64, r-patched-linux-x86_64, r-release-linux-x86_64, r-release-macos-arm64, r-release-macos-x86_64, r-release-windows-x86_64, r-oldrel-macos-arm64, r-oldrel-windows-x86_64
Version: 1.0.6
Check: installed package size
Result: NOTE
installed size is 9.9Mb
sub-directories of 1Mb or more:
libs 8.8Mb
Flavors: r-release-macos-arm64, r-release-macos-x86_64, r-oldrel-macos-arm64