Last updated on 2023-06-10 08:53:29 CEST.
Flavor | Version | Tinstall | Tcheck | Ttotal | Status | Flags |
---|---|---|---|---|---|---|
r-devel-linux-x86_64-debian-clang | 4.2-1 | 27.59 | 425.30 | 452.89 | OK | |
r-devel-linux-x86_64-debian-gcc | 4.2-1 | 24.46 | 318.11 | 342.57 | OK | |
r-devel-linux-x86_64-fedora-clang | 4.2-1 | 578.65 | OK | |||
r-devel-linux-x86_64-fedora-gcc | 4.2-1 | 556.83 | OK | |||
r-devel-windows-x86_64 | 4.2-1 | 28.00 | 384.00 | 412.00 | OK | |
r-patched-linux-x86_64 | 4.2-1 | 38.17 | 403.58 | 441.75 | OK | |
r-release-linux-x86_64 | 4.2-1 | 31.03 | 405.57 | 436.60 | OK | |
r-release-macos-arm64 | 4.2-1 | 170.00 | OK | |||
r-release-macos-x86_64 | 4.1-1 | 284.00 | NOTE | |||
r-release-windows-x86_64 | 4.2-1 | 35.00 | 452.00 | 487.00 | OK | |
r-oldrel-macos-arm64 | 4.2-1 | 159.00 | OK | |||
r-oldrel-macos-x86_64 | 4.2-1 | 211.00 | OK | |||
r-oldrel-windows-x86_64 | 4.2-1 | 35.00 | 440.00 | 475.00 | OK |
Version: 4.1-1
Check: Rd files
Result: NOTE
checkRd: (-1) estweights.Rd:42: Escaped LaTeX specials: \&
Flavor: r-release-macos-x86_64