Last updated on 2024-03-29 07:54:58 CET.
Flavor | Version | Tinstall | Tcheck | Ttotal | Status | Flags |
---|---|---|---|---|---|---|
r-devel-linux-x86_64-debian-clang | 4.4-2 | 64.46 | 465.37 | 529.83 | OK | |
r-devel-linux-x86_64-debian-gcc | 4.4-2 | 54.66 | 334.14 | 388.80 | OK | |
r-devel-linux-x86_64-fedora-clang | 4.4-2 | 702.53 | OK | |||
r-devel-linux-x86_64-fedora-gcc | 4.4-2 | 692.06 | OK | |||
r-devel-windows-x86_64 | 4.4-2 | 55.00 | 412.00 | 467.00 | OK | |
r-patched-linux-x86_64 | 4.4-2 | 65.73 | 453.99 | 519.72 | OK | |
r-release-linux-x86_64 | 4.4-2 | 67.50 | 451.44 | 518.94 | OK | |
r-release-macos-arm64 | 4.4-2 | 192.00 | NOTE | |||
r-release-macos-x86_64 | 4.4-2 | 543.00 | NOTE | |||
r-release-windows-x86_64 | 4.4-2 | 68.00 | 412.00 | 480.00 | OK | |
r-oldrel-macos-arm64 | 4.4-2 | 183.00 | NOTE | |||
r-oldrel-windows-x86_64 | 4.4-2 | 51.00 | 390.00 | 441.00 | OK |
Version: 4.4-2
Check: installed package size
Result: NOTE
installed size is 6.8Mb
sub-directories of 1Mb or more:
R 2.0Mb
doc 1.5Mb
libs 2.0Mb
Flavors: r-release-macos-arm64, r-release-macos-x86_64, r-oldrel-macos-arm64