Last updated on 2024-03-28 07:53:05 CET.
Flavor | Version | Tinstall | Tcheck | Ttotal | Status | Flags |
---|---|---|---|---|---|---|
r-devel-linux-x86_64-debian-clang | 0.5 | 8.75 | 251.26 | 260.01 | NOTE | |
r-devel-linux-x86_64-debian-gcc | 0.5 | 9.90 | 175.26 | 185.16 | NOTE | |
r-devel-linux-x86_64-fedora-clang | 0.5 | 314.96 | NOTE | |||
r-devel-linux-x86_64-fedora-gcc | 0.5 | 310.92 | NOTE | |||
r-devel-windows-x86_64 | 0.5 | 12.00 | 184.00 | 196.00 | NOTE | |
r-patched-linux-x86_64 | 0.5 | 11.91 | 233.44 | 245.35 | NOTE | |
r-release-linux-x86_64 | 0.5 | 13.57 | 231.66 | 245.23 | NOTE | |
r-release-macos-arm64 | 0.5 | 122.00 | NOTE | |||
r-release-macos-x86_64 | 0.5 | 221.00 | OK | |||
r-release-windows-x86_64 | 0.5 | 15.00 | 251.00 | 266.00 | NOTE | |
r-oldrel-macos-arm64 | 0.5 | 95.00 | OK | |||
r-oldrel-windows-x86_64 | 0.5 | 15.00 | 244.00 | 259.00 | NOTE |
Version: 0.5
Check: R code for possible problems
Result: NOTE
surfaceSimulate : phytransform: no visible global function definition
for ‘rescale’
Undefined global functions or variables:
rescale
Flavors: r-devel-linux-x86_64-debian-clang, r-devel-linux-x86_64-debian-gcc, r-devel-linux-x86_64-fedora-clang, r-devel-linux-x86_64-fedora-gcc, r-devel-windows-x86_64, r-patched-linux-x86_64, r-release-linux-x86_64, r-release-macos-arm64, r-release-windows-x86_64, r-oldrel-windows-x86_64