Last updated on 2023-06-04 08:57:24 CEST.
Flavor | Version | Tinstall | Tcheck | Ttotal | Status | Flags |
---|---|---|---|---|---|---|
r-devel-linux-x86_64-debian-clang | 0.1.0-1 | 39.92 | 320.20 | 360.12 | OK | |
r-devel-linux-x86_64-debian-gcc | 0.1.0-1 | 31.38 | 218.87 | 250.25 | OK | |
r-devel-linux-x86_64-fedora-clang | 0.1.0-1 | 445.41 | NOTE | |||
r-devel-linux-x86_64-fedora-gcc | 0.1.0-1 | 467.45 | NOTE | |||
r-devel-windows-x86_64 | 0.1.0-1 | 34.00 | 313.00 | 347.00 | OK | |
r-patched-linux-x86_64 | 0.1.0-1 | 31.81 | 295.91 | 327.72 | OK | |
r-release-linux-x86_64 | 0.1.0-1 | 33.85 | 299.30 | 333.15 | OK | |
r-release-macos-arm64 | 0.1.0-1 | 128.00 | OK | |||
r-release-macos-x86_64 | 0.1.0-1 | 204.00 | OK | |||
r-release-windows-x86_64 | 0.1.0-1 | 41.00 | 369.00 | 410.00 | OK | |
r-oldrel-macos-arm64 | 0.1.0-1 | 102.00 | NOTE | |||
r-oldrel-macos-x86_64 | 0.1.0-1 | 150.00 | NOTE | |||
r-oldrel-windows-x86_64 | 0.1.0-1 | 41.00 | 373.00 | 414.00 | OK |
Version: 0.1.0-1
Check: dependencies in R code
Result: NOTE
Namespaces in Imports field not imported from:
‘doParallel’ ‘pROC’
All declared Imports should be used.
Flavors: r-devel-linux-x86_64-fedora-clang, r-devel-linux-x86_64-fedora-gcc, r-oldrel-macos-arm64, r-oldrel-macos-x86_64