Last updated on 2024-04-17 19:58:54 CEST.
Flavor | Version | Tinstall | Tcheck | Ttotal | Status | Flags |
---|---|---|---|---|---|---|
r-devel-linux-x86_64-debian-clang | 0.1.0-1 | 36.61 | 327.51 | 364.12 | OK | |
r-devel-linux-x86_64-debian-gcc | 0.1.0-1 | 30.86 | 214.13 | 244.99 | OK | |
r-devel-linux-x86_64-fedora-clang | 0.1.0-1 | 462.60 | NOTE | |||
r-devel-linux-x86_64-fedora-gcc | 0.1.0-1 | 449.51 | NOTE | |||
r-prerel-macos-arm64 | 0.1.0-1 | 106.00 | OK | |||
r-prerel-windows-x86_64 | 0.1.0-1 | 33.00 | 300.00 | 333.00 | OK | |
r-patched-linux-x86_64 | 0.1.0-1 | 34.24 | 312.27 | 346.51 | OK | |
r-release-linux-x86_64 | 0.1.0-1 | 39.97 | 329.68 | 369.65 | OK | |
r-release-macos-arm64 | 0.1.0-1 | 128.00 | OK | |||
r-release-macos-x86_64 | 0.1.0-1 | 204.00 | OK | |||
r-release-windows-x86_64 | 0.1.0-1 | 41.00 | 373.00 | 414.00 | OK | |
r-oldrel-macos-arm64 | 0.1.0-1 | 102.00 | NOTE | |||
r-oldrel-windows-x86_64 | 0.1.0-1 | 39.00 | 342.00 | 381.00 | OK |
Version: 0.1.0-1
Check: dependencies in R code
Result: NOTE
Namespaces in Imports field not imported from:
‘doParallel’ ‘pROC’
All declared Imports should be used.
Flavors: r-devel-linux-x86_64-fedora-clang, r-devel-linux-x86_64-fedora-gcc, r-oldrel-macos-arm64