Last updated on 2023-09-24 08:58:31 CEST.
Flavor | Version | Tinstall | Tcheck | Ttotal | Status | Flags |
---|---|---|---|---|---|---|
r-devel-linux-x86_64-debian-clang | 0.4-6 | 3.07 | 33.99 | 37.06 | OK | |
r-devel-linux-x86_64-debian-gcc | 0.4-6 | 2.58 | 25.91 | 28.49 | OK | |
r-devel-linux-x86_64-fedora-clang | 0.4-6 | 49.98 | NOTE | |||
r-devel-linux-x86_64-fedora-gcc | 0.4-6 | 44.36 | OK | |||
r-devel-windows-x86_64 | 0.4-6 | 4.00 | 51.00 | 55.00 | OK | |
r-patched-linux-x86_64 | 0.4-6 | 3.29 | 33.47 | 36.76 | OK | |
r-release-linux-x86_64 | 0.4-6 | 3.05 | 33.21 | 36.26 | OK | |
r-release-macos-arm64 | 0.4-6 | 18.00 | OK | |||
r-release-macos-x86_64 | 0.4-6 | 25.00 | OK | |||
r-release-windows-x86_64 | 0.4-6 | 5.00 | 53.00 | 58.00 | OK | |
r-oldrel-macos-arm64 | 0.4-6 | OK | ||||
r-oldrel-macos-x86_64 | 0.4-6 | 25.00 | OK | |||
r-oldrel-windows-x86_64 | 0.4-6 | 9.00 | 53.00 | 62.00 | OK |
Version: 0.4-6
Check: package dependencies
Result: NOTE
Package suggested but not available for checking: ‘apollo’
Flavor: r-devel-linux-x86_64-fedora-clang