CRAN Package Check Results for Package superml

Last updated on 2023-05-28 20:04:11 CEST.

Flavor Version Tinstall Tcheck Ttotal Status Flags
r-devel-linux-x86_64-debian-clang 0.5.6 60.74 81.82 142.56 NOTE
r-devel-linux-x86_64-debian-gcc 0.5.6 45.77 60.07 105.84 NOTE
r-devel-linux-x86_64-fedora-clang 0.5.6 188.33 NOTE
r-devel-linux-x86_64-fedora-gcc 0.5.6 198.31 NOTE
r-devel-windows-x86_64 0.5.6 48.00 105.00 153.00 NOTE
r-patched-linux-x86_64 0.5.6 59.66 76.18 135.84 NOTE
r-release-linux-x86_64 0.5.6 53.24 74.89 128.13 NOTE
r-release-macos-arm64 0.5.6 59.00 NOTE
r-release-macos-x86_64 0.5.6 92.00 NOTE
r-release-windows-x86_64 0.5.6 59.00 125.00 184.00 NOTE
r-oldrel-macos-arm64 0.5.6 66.00 OK
r-oldrel-macos-x86_64 0.5.6 65.00 OK
r-oldrel-windows-x86_64 0.5.6 58.00 115.00 173.00 OK

Check Details

Version: 0.5.6
Check: C++ specification
Result: NOTE
     Specified C++11: please drop specification unless essential
Flavors: r-devel-linux-x86_64-debian-clang, r-devel-linux-x86_64-debian-gcc, r-devel-linux-x86_64-fedora-clang, r-devel-linux-x86_64-fedora-gcc, r-devel-windows-x86_64, r-patched-linux-x86_64, r-release-linux-x86_64, r-release-macos-arm64, r-release-macos-x86_64, r-release-windows-x86_64