Last updated on 2023-09-22 19:54:45 CEST.
Flavor | Version | Tinstall | Tcheck | Ttotal | Status | Flags |
---|---|---|---|---|---|---|
r-devel-linux-x86_64-debian-clang | 1.5 | 8.86 | 83.53 | 92.39 | OK | |
r-devel-linux-x86_64-debian-gcc | 1.5 | 6.44 | 58.75 | 65.19 | OK | |
r-devel-linux-x86_64-fedora-clang | 1.5 | 113.81 | OK | |||
r-devel-linux-x86_64-fedora-gcc | 1.5 | 110.92 | OK | |||
r-devel-windows-x86_64 | 1.5 | 10.00 | 79.00 | 89.00 | OK | |
r-patched-linux-x86_64 | 1.5 | 16.66 | 77.56 | 94.22 | OK | |
r-release-linux-x86_64 | 1.5 | 5.67 | 78.21 | 83.88 | OK | |
r-release-macos-arm64 | 1.5 | 57.00 | OK | |||
r-release-macos-x86_64 | 1.5 | 91.00 | NOTE | |||
r-release-windows-x86_64 | 1.5 | 13.00 | 93.00 | 106.00 | OK | |
r-oldrel-macos-arm64 | 1.5 | 55.00 | OK | |||
r-oldrel-macos-x86_64 | 1.5 | 77.00 | OK | |||
r-oldrel-windows-x86_64 | 1.5 | 12.00 | 90.00 | 102.00 | OK |
Version: 1.5
Check: package dependencies
Result: NOTE
Packages suggested but not available for checking: 'adegraphics', 'spdep'
Flavor: r-release-macos-x86_64