Last updated on 2023-10-04 08:01:51 CEST.
Flavor | Version | Tinstall | Tcheck | Ttotal | Status | Flags |
---|---|---|---|---|---|---|
r-devel-linux-x86_64-debian-clang | 0.10.2 | 8.88 | 96.79 | 105.67 | OK | |
r-devel-linux-x86_64-debian-gcc | 0.10.2 | 7.03 | 72.62 | 79.65 | OK | |
r-devel-linux-x86_64-fedora-clang | 0.10.2 | 130.76 | NOTE | |||
r-devel-linux-x86_64-fedora-gcc | 0.10.2 | 125.83 | NOTE | |||
r-devel-windows-x86_64 | 0.10.2 | 8.00 | 83.00 | 91.00 | OK | |
r-patched-linux-x86_64 | 0.10.2 | 7.18 | 91.84 | 99.02 | OK | |
r-release-linux-x86_64 | 0.10.2 | 8.25 | 94.27 | 102.52 | OK | |
r-release-macos-arm64 | 0.10.2 | 38.00 | OK | |||
r-release-macos-x86_64 | 0.10.2 | 88.00 | OK | |||
r-release-windows-x86_64 | 0.10.2 | 9.00 | 100.00 | 109.00 | OK | |
r-oldrel-macos-arm64 | 0.10.2 | 39.00 | OK | |||
r-oldrel-macos-x86_64 | 0.10.2 | 50.00 | OK | |||
r-oldrel-windows-x86_64 | 0.10.2 | 13.00 | 100.00 | 113.00 | OK |
Version: 0.10.2
Check: data for non-ASCII characters
Result: NOTE
Note: found 83 marked UTF-8 strings
Flavors: r-devel-linux-x86_64-fedora-clang, r-devel-linux-x86_64-fedora-gcc