Last updated on 2023-06-01 19:52:47 CEST.
Flavor | Version | Tinstall | Tcheck | Ttotal | Status | Flags |
---|---|---|---|---|---|---|
r-devel-linux-x86_64-debian-clang | 0.15.7 | 22.39 | 147.23 | 169.62 | NOTE | |
r-devel-linux-x86_64-debian-gcc | 0.15.8 | 21.32 | 106.89 | 128.21 | NOTE | |
r-devel-linux-x86_64-fedora-clang | 0.15.8 | 228.28 | NOTE | |||
r-devel-linux-x86_64-fedora-gcc | 0.15.8 | 238.42 | NOTE | |||
r-devel-windows-x86_64 | 0.15.8 | 51.00 | 131.00 | 182.00 | NOTE | |
r-patched-linux-x86_64 | 0.15.8 | NOTE | ||||
r-release-linux-x86_64 | 0.15.8 | 25.03 | 137.83 | 162.86 | NOTE | |
r-release-macos-arm64 | 0.15.8 | 87.00 | NOTE | |||
r-release-macos-x86_64 | 0.15.7 | 137.00 | NOTE | |||
r-release-windows-x86_64 | 0.15.8 | 55.00 | 149.00 | 204.00 | NOTE | |
r-oldrel-macos-arm64 | 0.15.8 | 80.00 | NOTE | |||
r-oldrel-macos-x86_64 | 0.15.8 | 112.00 | NOTE | |||
r-oldrel-windows-x86_64 | 0.15.8 | 50.00 | 143.00 | 193.00 | NOTE |
Version: 0.15.7
Check: C++ specification
Result: NOTE
Specified C++11: please drop specification unless essential
Flavors: r-devel-linux-x86_64-debian-clang, r-release-macos-x86_64
Version: 0.15.7
Check: for GNU extensions in Makefiles
Result: NOTE
GNU make is a SystemRequirements.
Flavors: r-devel-linux-x86_64-debian-clang, r-release-macos-x86_64
Version: 0.15.8
Check: for GNU extensions in Makefiles
Result: NOTE
GNU make is a SystemRequirements.
Flavors: r-devel-linux-x86_64-debian-gcc, r-devel-linux-x86_64-fedora-clang, r-devel-linux-x86_64-fedora-gcc, r-devel-windows-x86_64, r-patched-linux-x86_64, r-release-linux-x86_64, r-release-macos-arm64, r-release-windows-x86_64, r-oldrel-macos-arm64, r-oldrel-macos-x86_64, r-oldrel-windows-x86_64