CRAN Package Check Results for Package strider

Last updated on 2023-06-06 20:09:57 CEST.

Flavor Version Tinstall Tcheck Ttotal Status Flags
r-devel-linux-x86_64-debian-clang 1.3 17.27 109.07 126.34 NOTE
r-devel-linux-x86_64-debian-gcc 1.3 13.56 82.00 95.56 NOTE
r-devel-linux-x86_64-fedora-clang 1.3 183.55 NOTE
r-devel-linux-x86_64-fedora-gcc 1.3 185.54 NOTE
r-devel-windows-x86_64 1.3 20.00 134.00 154.00 NOTE
r-patched-linux-x86_64 1.3 15.53 101.04 116.57 NOTE
r-release-linux-x86_64 1.3 13.17 102.23 115.40 NOTE
r-release-macos-arm64 1.3 59.00 NOTE
r-release-macos-x86_64 1.3 91.00 NOTE
r-release-windows-x86_64 1.3 18.00 157.00 175.00 NOTE
r-oldrel-macos-arm64 1.3 50.00 OK
r-oldrel-macos-x86_64 1.3 62.00 OK
r-oldrel-windows-x86_64 1.3 21.00 147.00 168.00 OK

Check Details

Version: 1.3
Check: C++ specification
Result: NOTE
     Specified C++11: please drop specification unless essential
Flavors: r-devel-linux-x86_64-debian-clang, r-devel-linux-x86_64-debian-gcc, r-devel-linux-x86_64-fedora-clang, r-devel-linux-x86_64-fedora-gcc, r-devel-windows-x86_64, r-patched-linux-x86_64, r-release-linux-x86_64, r-release-macos-arm64, r-release-macos-x86_64, r-release-windows-x86_64