Last updated on 2024-03-29 07:54:58 CET.
Flavor | Version | Tinstall | Tcheck | Ttotal | Status | Flags |
---|---|---|---|---|---|---|
r-devel-linux-x86_64-debian-clang | 0.1 | 33.06 | 33.78 | 66.84 | OK | |
r-devel-linux-x86_64-debian-gcc | 0.1 | 22.61 | 26.90 | 49.51 | OK | |
r-devel-linux-x86_64-fedora-clang | 0.1 | 93.05 | NOTE | |||
r-devel-linux-x86_64-fedora-gcc | 0.1 | 98.71 | NOTE | |||
r-devel-windows-x86_64 | 0.1 | 27.00 | 66.00 | 93.00 | OK | |
r-patched-linux-x86_64 | 0.1 | 24.35 | 34.00 | 58.35 | OK | |
r-release-linux-x86_64 | 0.1 | 23.54 | 33.57 | 57.11 | OK | |
r-release-macos-arm64 | 0.1 | 30.00 | OK | |||
r-release-macos-x86_64 | 0.1 | 40.00 | OK | |||
r-release-windows-x86_64 | 0.1 | 33.00 | 77.00 | 110.00 | OK | |
r-oldrel-macos-arm64 | 0.1 | 34.00 | OK | |||
r-oldrel-windows-x86_64 | 0.1 | 33.00 | 75.00 | 108.00 | OK |
Version: 0.1
Check: compiled code
Result: NOTE
File ‘strat/libs/strat.so’:
Found no calls to: ‘R_registerRoutines’, ‘R_useDynamicSymbols’
It is good practice to register native routines and to disable symbol
search.
See ‘Writing portable packages’ in the ‘Writing R Extensions’ manual.
Flavors: r-devel-linux-x86_64-fedora-clang, r-devel-linux-x86_64-fedora-gcc