Last updated on 2024-04-18 08:54:50 CEST.
Flavor | Version | Tinstall | Tcheck | Ttotal | Status | Flags |
---|---|---|---|---|---|---|
r-devel-linux-x86_64-debian-clang | 1.3.2 | 47.38 | 466.09 | 513.47 | OK | |
r-devel-linux-x86_64-debian-gcc | 1.3.2 | 41.84 | 325.06 | 366.90 | OK | |
r-devel-linux-x86_64-fedora-clang | 1.3.2 | 622.76 | NOTE | |||
r-devel-linux-x86_64-fedora-gcc | 1.3.2 | 605.44 | OK | |||
r-prerel-macos-arm64 | 1.3.2 | 155.00 | OK | |||
r-prerel-windows-x86_64 | 1.3.2 | 37.00 | 268.00 | 305.00 | OK | |
r-patched-linux-x86_64 | 1.3.2 | 35.00 | 427.78 | 462.78 | OK | |
r-release-linux-x86_64 | 1.3.2 | 44.19 | 429.43 | 473.62 | OK | |
r-release-macos-arm64 | 1.3.2 | 156.00 | OK | |||
r-release-macos-x86_64 | 1.3.2 | 346.00 | OK | |||
r-release-windows-x86_64 | 1.3.2 | 55.00 | 378.00 | 433.00 | OK | |
r-oldrel-macos-arm64 | 1.3.2 | 167.00 | OK | |||
r-oldrel-windows-x86_64 | 1.3.2 | 56.00 | 369.00 | 425.00 | OK |
Version: 1.3.2
Check: package dependencies
Result: NOTE
Imports includes 25 non-default packages.
Importing from so many packages makes the package vulnerable to any of
them becoming unavailable. Move as many as possible to Suggests and
use conditionally.
Flavor: r-devel-linux-x86_64-fedora-clang