CRAN Package Check Results for Package stopwords

Last updated on 2023-10-02 20:12:12 CEST.

Flavor Version Tinstall Tcheck Ttotal Status Flags
r-devel-linux-x86_64-debian-clang 2.3 1.93 26.23 28.16 OK
r-devel-linux-x86_64-debian-gcc 2.3 2.00 20.49 22.49 OK
r-devel-linux-x86_64-fedora-clang 2.3 35.62 NOTE
r-devel-linux-x86_64-fedora-gcc 2.3 35.14 NOTE
r-devel-windows-x86_64 2.3 4.00 47.00 51.00 OK
r-patched-linux-x86_64 2.3 2.52 25.65 28.17 OK
r-release-linux-x86_64 2.3 2.35 26.09 28.44 OK
r-release-macos-arm64 2.3 18.00 OK
r-release-macos-x86_64 2.3 25.00 OK
r-release-windows-x86_64 2.3 6.00 46.00 52.00 OK
r-oldrel-macos-arm64 2.3 20.00 OK
r-oldrel-macos-x86_64 2.3 25.00 NOTE
r-oldrel-windows-x86_64 2.3 6.00 50.00 56.00 OK

Check Details

Version: 2.3
Check: data for non-ASCII characters
Result: NOTE
     Note: found 22806 marked UTF-8 strings
Flavors: r-devel-linux-x86_64-fedora-clang, r-devel-linux-x86_64-fedora-gcc, r-oldrel-macos-x86_64