Last updated on 2023-06-04 08:57:23 CEST.
Flavor | Version | Tinstall | Tcheck | Ttotal | Status | Flags |
---|---|---|---|---|---|---|
r-devel-linux-x86_64-debian-clang | 0.2.0 | 23.67 | 177.09 | 200.76 | OK | |
r-devel-linux-x86_64-debian-gcc | 0.2.0 | 23.90 | 136.51 | 160.41 | OK | |
r-devel-linux-x86_64-fedora-clang | 0.2.0 | 257.07 | NOTE | |||
r-devel-linux-x86_64-fedora-gcc | 0.2.0 | 273.68 | OK | |||
r-devel-windows-x86_64 | 0.2.0 | 48.00 | 111.00 | 159.00 | NOTE | |
r-patched-linux-x86_64 | 0.2.0 | 23.87 | 181.27 | 205.14 | OK | |
r-release-linux-x86_64 | 0.2.0 | 27.99 | 179.09 | 207.08 | OK | |
r-release-macos-arm64 | 0.2.0 | 99.00 | NOTE | |||
r-release-macos-x86_64 | 0.2.0 | 137.00 | NOTE | |||
r-release-windows-x86_64 | 0.2.0 | 62.00 | 126.00 | 188.00 | NOTE | |
r-oldrel-macos-arm64 | 0.2.0 | 85.00 | NOTE | |||
r-oldrel-macos-x86_64 | 0.2.0 | 138.00 | NOTE | |||
r-oldrel-windows-x86_64 | 0.2.0 | 53.00 | 123.00 | 176.00 | NOTE |
Version: 0.2.0
Check: installed package size
Result: NOTE
installed size is 12.9Mb
sub-directories of 1Mb or more:
libs 11.2Mb
Flavors: r-devel-linux-x86_64-fedora-clang, r-devel-windows-x86_64, r-release-macos-arm64, r-release-macos-x86_64, r-release-windows-x86_64, r-oldrel-macos-arm64, r-oldrel-macos-x86_64, r-oldrel-windows-x86_64