Last updated on 2024-04-22 19:56:27 CEST.
Flavor | Version | Tinstall | Tcheck | Ttotal | Status | Flags |
---|---|---|---|---|---|---|
r-devel-linux-x86_64-debian-clang | 3.2.4 | 165.71 | 169.41 | 335.12 | OK | |
r-devel-linux-x86_64-debian-gcc | 3.2.4 | 120.57 | 128.41 | 248.98 | OK | |
r-devel-linux-x86_64-fedora-clang | 3.2.4 | 455.41 | OK | |||
r-devel-linux-x86_64-fedora-gcc | 3.2.4 | 463.72 | OK | |||
r-prerel-macos-arm64 | 3.2.4 | 110.00 | NOTE | |||
r-prerel-macos-x86_64 | 3.2.4 | 241.00 | NOTE | |||
r-prerel-windows-x86_64 | 3.2.4 | 118.00 | 221.00 | 339.00 | OK | |
r-patched-linux-x86_64 | 3.2.4 | 154.45 | 163.74 | 318.19 | OK | |
r-release-linux-x86_64 | 3.2.4 | 159.06 | 160.15 | 319.21 | OK | |
r-release-macos-arm64 | 3.2.4 | 118.00 | NOTE | |||
r-release-macos-x86_64 | 3.2.4 | 247.00 | NOTE | |||
r-release-windows-x86_64 | 3.2.4 | 128.00 | 247.00 | 375.00 | OK | |
r-oldrel-macos-arm64 | 3.2.4 | 115.00 | NOTE | |||
r-oldrel-windows-x86_64 | 3.2.4 | 135.00 | 240.00 | 375.00 | OK |
Version: 3.2.4
Check: installed package size
Result: NOTE
installed size is 9.2Mb
sub-directories of 1Mb or more:
doc 1.9Mb
libs 6.4Mb
Flavors: r-prerel-macos-arm64, r-prerel-macos-x86_64, r-release-macos-arm64, r-release-macos-x86_64, r-oldrel-macos-arm64