CRAN Package Check Results for Package steadyICA

Last updated on 2023-05-28 20:04:11 CEST.

Flavor Version Tinstall Tcheck Ttotal Status Flags
r-devel-linux-x86_64-debian-clang 1.0 14.06 49.49 63.55 OK
r-devel-linux-x86_64-debian-gcc 1.0 10.61 38.28 48.89 OK
r-devel-linux-x86_64-fedora-clang 1.0 89.09 NOTE
r-devel-linux-x86_64-fedora-gcc 1.0 80.04 NOTE
r-devel-windows-x86_64 1.0 14.00 74.00 88.00 OK
r-patched-linux-x86_64 1.0 12.42 48.32 60.74 OK
r-release-linux-x86_64 1.0 13.58 48.20 61.78 OK
r-release-macos-arm64 1.0 28.00 OK
r-release-macos-x86_64 1.0 44.00 OK
r-release-windows-x86_64 1.0 14.00 91.00 105.00 OK
r-oldrel-macos-arm64 1.0 27.00 OK
r-oldrel-macos-x86_64 1.0 37.00 OK
r-oldrel-windows-x86_64 1.0 17.00 92.00 109.00 OK

Check Details

Version: 1.0
Check: compiled code
Result: NOTE
    File ‘steadyICA/libs/steadyICA.so’:
     Found no calls to: ‘R_registerRoutines’, ‘R_useDynamicSymbols’
    
    It is good practice to register native routines and to disable symbol
    search.
    
    See ‘Writing portable packages’ in the ‘Writing R Extensions’ manual.
Flavors: r-devel-linux-x86_64-fedora-clang, r-devel-linux-x86_64-fedora-gcc