Last updated on 2024-03-18 18:50:35 CET.
Flavor | Version | Tinstall | Tcheck | Ttotal | Status | Flags |
---|---|---|---|---|---|---|
r-devel-linux-x86_64-debian-clang | 1.5.3 | 7.41 | 440.78 | 448.19 | OK | |
r-devel-linux-x86_64-debian-gcc | 1.5.3 | 5.64 | 337.52 | 343.16 | OK | |
r-devel-linux-x86_64-fedora-clang | 1.5.3 | 573.59 | OK | |||
r-devel-linux-x86_64-fedora-gcc | 1.5.3 | 615.68 | OK | |||
r-devel-windows-x86_64 | 1.5.3 | 11.00 | 232.00 | 243.00 | OK | |
r-patched-linux-x86_64 | 1.5.3 | 7.46 | 385.71 | 393.17 | NOTE | |
r-release-linux-x86_64 | 1.5.3 | 7.38 | 431.51 | 438.89 | OK | |
r-release-macos-arm64 | 1.5.3 | 121.00 | OK | |||
r-release-macos-x86_64 | 1.5.3 | 229.00 | OK | |||
r-release-windows-x86_64 | 1.5.3 | 14.00 | 303.00 | 317.00 | OK | |
r-oldrel-macos-arm64 | 1.5.3 | 119.00 | OK | |||
r-oldrel-windows-x86_64 | 1.5.3 | 14.00 | 299.00 | 313.00 | OK |
Version: 1.5.3
Check: package dependencies
Result: NOTE
Package suggested but not available for checking: ‘metaBMA’
Flavor: r-patched-linux-x86_64