Last updated on 2023-05-29 08:55:12 CEST.
Flavor | Version | Tinstall | Tcheck | Ttotal | Status | Flags |
---|---|---|---|---|---|---|
r-devel-linux-x86_64-debian-clang | 1.0.5 | 98.69 | 99.23 | 197.92 | NOTE | |
r-devel-linux-x86_64-debian-gcc | 1.0.5 | 79.33 | 73.47 | 152.80 | NOTE | |
r-devel-linux-x86_64-fedora-clang | 1.0.5 | 308.70 | NOTE | |||
r-devel-linux-x86_64-fedora-gcc | 1.0.5 | 280.67 | NOTE | |||
r-devel-windows-x86_64 | 1.0.5 | 86.00 | 129.00 | 215.00 | NOTE | |
r-patched-linux-x86_64 | 1.0.5 | 83.43 | 91.80 | 175.23 | NOTE | |
r-release-linux-x86_64 | 1.0.5 | 83.13 | 93.10 | 176.23 | NOTE | |
r-release-macos-arm64 | 1.0.5 | 84.00 | NOTE | |||
r-release-macos-x86_64 | 1.0.5 | 139.00 | NOTE | |||
r-release-windows-x86_64 | 1.0.5 | 105.00 | 156.00 | 261.00 | NOTE | |
r-oldrel-macos-arm64 | 1.0.5 | 82.00 | NOTE | |||
r-oldrel-macos-x86_64 | 1.0.5 | 102.00 | NOTE | |||
r-oldrel-windows-x86_64 | 1.0.5 | 97.00 | 152.00 | 249.00 | OK |
Version: 1.0.5
Check: C++ specification
Result: NOTE
Specified C++11: please drop specification unless essential
Flavors: r-devel-linux-x86_64-debian-clang, r-devel-linux-x86_64-debian-gcc, r-devel-linux-x86_64-fedora-clang, r-devel-linux-x86_64-fedora-gcc, r-devel-windows-x86_64, r-patched-linux-x86_64, r-release-linux-x86_64, r-release-macos-arm64, r-release-macos-x86_64, r-release-windows-x86_64
Version: 1.0.5
Check: installed package size
Result: NOTE
installed size is 7.4Mb
sub-directories of 1Mb or more:
extdata 2.4Mb
libs 4.2Mb
Flavors: r-release-macos-arm64, r-release-macos-x86_64, r-oldrel-macos-arm64, r-oldrel-macos-x86_64