Last updated on 2024-03-28 19:48:47 CET.
Flavor | Version | Tinstall | Tcheck | Ttotal | Status | Flags |
---|---|---|---|---|---|---|
r-devel-linux-x86_64-debian-clang | 1.0.9 | 117.16 | 200.63 | 317.79 | NOTE | |
r-devel-linux-x86_64-debian-gcc | 1.0.9 | 87.78 | 176.63 | 264.41 | NOTE | |
r-devel-linux-x86_64-fedora-clang | 1.0.9 | 446.90 | NOTE | |||
r-devel-linux-x86_64-fedora-gcc | 1.0.9 | 480.73 | NOTE | |||
r-devel-windows-x86_64 | 1.0.9 | 91.00 | 207.00 | 298.00 | NOTE | |
r-patched-linux-x86_64 | 1.0.9 | 110.11 | 236.70 | 346.81 | NOTE | |
r-release-linux-x86_64 | 1.0.9 | 117.94 | 233.97 | 351.91 | NOTE | |
r-release-macos-arm64 | 1.0.9 | 139.00 | NOTE | |||
r-release-macos-x86_64 | 1.0.9 | 247.00 | NOTE | |||
r-release-windows-x86_64 | 1.0.9 | 108.00 | 252.00 | 360.00 | NOTE | |
r-oldrel-macos-arm64 | 1.0.9 | 227.00 | NOTE | |||
r-oldrel-windows-x86_64 | 1.0.9 | 107.00 | 240.00 | 347.00 | NOTE |
Version: 1.0.9
Check: C++ specification
Result: NOTE
Specified C++11: please drop specification unless essential
Flavors: r-devel-linux-x86_64-debian-clang, r-devel-linux-x86_64-debian-gcc, r-devel-linux-x86_64-fedora-clang, r-devel-linux-x86_64-fedora-gcc, r-devel-windows-x86_64, r-patched-linux-x86_64, r-release-linux-x86_64, r-release-macos-arm64, r-release-macos-x86_64, r-release-windows-x86_64
Version: 1.0.9
Check: installed package size
Result: NOTE
installed size is 5.1Mb
sub-directories of 1Mb or more:
data 2.8Mb
libs 1.3Mb
Flavors: r-devel-windows-x86_64, r-release-macos-arm64, r-release-macos-x86_64, r-release-windows-x86_64, r-oldrel-macos-arm64, r-oldrel-windows-x86_64
Version: 1.0.9
Check: package dependencies
Result: NOTE
Package suggested but not available for checking: ‘snpStats’
Flavor: r-release-macos-arm64
Version: 1.0.9
Check: Rd cross-references
Result: NOTE
Package unavailable to check Rd xrefs: ‘snpStats’
Flavor: r-release-macos-arm64