Last updated on 2024-04-19 07:56:57 CEST.
Flavor | Version | Tinstall | Tcheck | Ttotal | Status | Flags |
---|---|---|---|---|---|---|
r-devel-linux-x86_64-debian-clang | 0.5.0 | 123.46 | 132.70 | 256.16 | OK | |
r-devel-linux-x86_64-debian-gcc | 0.5.0 | OK | ||||
r-devel-linux-x86_64-fedora-clang | 0.5.0 | 350.62 | OK | |||
r-devel-linux-x86_64-fedora-gcc | 0.5.0 | 388.62 | OK | |||
r-prerel-macos-arm64 | 0.5.0 | 97.00 | NOTE | |||
r-prerel-windows-x86_64 | 0.5.0 | 94.00 | 154.00 | 248.00 | OK | |
r-patched-linux-x86_64 | 0.5.0 | 116.03 | 148.45 | 264.48 | OK | |
r-release-linux-x86_64 | 0.5.0 | 122.01 | 150.05 | 272.06 | OK | |
r-release-macos-arm64 | 0.5.0 | 111.00 | NOTE | |||
r-release-macos-x86_64 | 0.5.0 | 181.00 | NOTE | |||
r-release-windows-x86_64 | 0.5.0 | 117.00 | 179.00 | 296.00 | OK | |
r-oldrel-macos-arm64 | 0.5.0 | 93.00 | NOTE | |||
r-oldrel-windows-x86_64 | 0.5.0 | 117.00 | 174.00 | 291.00 | OK |
Version: 0.5.0
Check: installed package size
Result: NOTE
installed size is 6.8Mb
sub-directories of 1Mb or more:
libs 6.0Mb
Flavors: r-prerel-macos-arm64, r-release-macos-arm64, r-release-macos-x86_64, r-oldrel-macos-arm64