Last updated on 2024-03-28 19:48:47 CET.
Flavor | Version | Tinstall | Tcheck | Ttotal | Status | Flags |
---|---|---|---|---|---|---|
r-devel-linux-x86_64-debian-clang | 1.2.1 | 20.92 | 234.17 | 255.09 | OK | |
r-devel-linux-x86_64-debian-gcc | 1.2.1 | 15.52 | 172.68 | 188.20 | OK | |
r-devel-linux-x86_64-fedora-clang | 1.2.1 | 343.83 | NOTE | |||
r-devel-linux-x86_64-fedora-gcc | 1.2.1 | 325.49 | NOTE | |||
r-devel-windows-x86_64 | 1.2.1 | 19.00 | 181.00 | 200.00 | OK | |
r-patched-linux-x86_64 | 1.2.1 | 23.69 | 224.72 | 248.41 | OK | |
r-release-linux-x86_64 | 1.2.1 | 20.56 | 220.95 | 241.51 | OK | |
r-release-macos-arm64 | 1.2.1 | 92.00 | OK | |||
r-release-macos-x86_64 | 1.2.1 | 122.00 | OK | |||
r-release-windows-x86_64 | 1.2.1 | 24.00 | 222.00 | 246.00 | OK | |
r-oldrel-macos-arm64 | 1.2.1 | 58.00 | NOTE | |||
r-oldrel-windows-x86_64 | 1.2.1 | 27.00 | 230.00 | 257.00 | OK |
Version: 1.2.1
Check: package dependencies
Result: NOTE
Imports includes 23 non-default packages.
Importing from so many packages makes the package vulnerable to any of
them becoming unavailable. Move as many as possible to Suggests and
use conditionally.
Flavor: r-devel-linux-x86_64-fedora-clang
Version: 1.2.1
Check: dependencies in R code
Result: NOTE
Namespaces in Imports field not imported from:
‘gbm’ ‘ggfortify’ ‘tibble’ ‘tidyverse’
All declared Imports should be used.
Flavors: r-devel-linux-x86_64-fedora-clang, r-devel-linux-x86_64-fedora-gcc, r-oldrel-macos-arm64