Last updated on 2023-09-22 19:54:45 CEST.
Flavor | Version | Tinstall | Tcheck | Ttotal | Status | Flags |
---|---|---|---|---|---|---|
r-devel-linux-x86_64-debian-clang | 0.0.6 | 6.39 | 109.10 | 115.49 | NOTE | |
r-devel-linux-x86_64-debian-gcc | 0.0.6 | 4.89 | 80.30 | 85.19 | NOTE | |
r-devel-linux-x86_64-fedora-clang | 0.0.6 | 135.94 | NOTE | |||
r-devel-linux-x86_64-fedora-gcc | 0.0.6 | 154.83 | NOTE | |||
r-devel-windows-x86_64 | 0.0.6 | 7.00 | 117.00 | 124.00 | NOTE | |
r-patched-linux-x86_64 | 0.0.6 | 7.50 | 104.52 | 112.02 | NOTE | |
r-release-linux-x86_64 | 0.0.6 | 6.96 | 102.19 | 109.15 | NOTE | |
r-release-macos-arm64 | 0.0.6 | 57.00 | NOTE | |||
r-release-macos-x86_64 | 0.0.6 | 80.00 | NOTE | |||
r-release-windows-x86_64 | 0.0.6 | 9.00 | 135.00 | 144.00 | NOTE | |
r-oldrel-macos-arm64 | 0.0.6 | 50.00 | NOTE | |||
r-oldrel-macos-x86_64 | 0.0.6 | 59.00 | NOTE | |||
r-oldrel-windows-x86_64 | 0.0.6 | 10.00 | 128.00 | 138.00 | NOTE |
Version: 0.0.6
Check: LazyData
Result: NOTE
'LazyData' is specified without a 'data' directory
Flavors: r-devel-linux-x86_64-debian-clang, r-devel-linux-x86_64-debian-gcc, r-devel-linux-x86_64-fedora-clang, r-devel-linux-x86_64-fedora-gcc, r-devel-windows-x86_64, r-patched-linux-x86_64, r-release-linux-x86_64, r-release-macos-arm64, r-release-macos-x86_64, r-release-windows-x86_64, r-oldrel-macos-arm64, r-oldrel-macos-x86_64, r-oldrel-windows-x86_64
Version: 0.0.6
Check: package dependencies
Result: NOTE
Package which this enhances but not available for checking: ‘CVXR’
Flavor: r-release-macos-x86_64