Last updated on 2023-10-01 08:52:12 CEST.
Flavor | Version | Tinstall | Tcheck | Ttotal | Status | Flags |
---|---|---|---|---|---|---|
r-devel-linux-x86_64-debian-clang | 1.3 | 56.08 | 67.39 | 123.47 | OK | |
r-devel-linux-x86_64-debian-gcc | 1.3 | 40.99 | 51.22 | 92.21 | OK | |
r-devel-linux-x86_64-fedora-clang | 1.3 | 172.92 | NOTE | |||
r-devel-linux-x86_64-fedora-gcc | 1.3 | 170.82 | NOTE | |||
r-devel-windows-x86_64 | 1.3 | 42.00 | 90.00 | 132.00 | OK | |
r-patched-linux-x86_64 | 1.3 | 59.40 | 63.87 | 123.27 | OK | |
r-release-linux-x86_64 | 1.3 | 61.21 | 65.57 | 126.78 | OK | |
r-release-macos-arm64 | 1.3 | 50.00 | OK | |||
r-release-macos-x86_64 | 1.3 | 81.00 | OK | |||
r-release-windows-x86_64 | 1.3 | 60.00 | 103.00 | 163.00 | OK | |
r-oldrel-macos-arm64 | 1.3 | 49.00 | OK | |||
r-oldrel-macos-x86_64 | 1.3 | 82.00 | OK | |||
r-oldrel-windows-x86_64 | 1.3 | 55.00 | 106.00 | 161.00 | OK |
Version: 1.3
Check: compiled code
Result: NOTE
File ‘starma/libs/starma.so’:
Found no calls to: ‘R_registerRoutines’, ‘R_useDynamicSymbols’
It is good practice to register native routines and to disable symbol
search.
See ‘Writing portable packages’ in the ‘Writing R Extensions’ manual.
Flavors: r-devel-linux-x86_64-fedora-clang, r-devel-linux-x86_64-fedora-gcc