Last updated on 2024-03-28 07:53:04 CET.
Flavor | Version | Tinstall | Tcheck | Ttotal | Status | Flags |
---|---|---|---|---|---|---|
r-devel-linux-x86_64-debian-clang | 1.1 | 93.89 | 50.11 | 144.00 | OK | |
r-devel-linux-x86_64-debian-gcc | 1.1 | 81.37 | 44.41 | 125.78 | OK | |
r-devel-linux-x86_64-fedora-clang | 1.1 | 177.69 | NOTE | |||
r-devel-linux-x86_64-fedora-gcc | 1.1 | 207.87 | NOTE | |||
r-devel-windows-x86_64 | 1.1 | 63.00 | 77.00 | 140.00 | OK | |
r-patched-linux-x86_64 | 1.1 | 96.42 | 55.92 | 152.34 | OK | |
r-release-linux-x86_64 | 1.1 | 96.12 | 55.96 | 152.08 | OK | |
r-release-macos-arm64 | 1.1 | 54.00 | NOTE | |||
r-release-macos-x86_64 | 1.1 | 87.00 | NOTE | |||
r-release-windows-x86_64 | 1.1 | 86.00 | 134.00 | 220.00 | OK | |
r-oldrel-macos-arm64 | 1.1 | 53.00 | NOTE | |||
r-oldrel-windows-x86_64 | 1.1 | 83.00 | 87.00 | 170.00 | OK |
Version: 1.1
Check: dependencies in R code
Result: NOTE
Namespaces in Imports field not imported from:
‘reshape2’ ‘stats’
All declared Imports should be used.
Flavors: r-devel-linux-x86_64-fedora-clang, r-devel-linux-x86_64-fedora-gcc, r-oldrel-macos-arm64
Version: 1.1
Check: installed package size
Result: NOTE
installed size is 28.7Mb
sub-directories of 1Mb or more:
libs 28.2Mb
Flavors: r-release-macos-arm64, r-release-macos-x86_64, r-oldrel-macos-arm64