Last updated on 2024-04-17 19:58:53 CEST.
Flavor | Version | Tinstall | Tcheck | Ttotal | Status | Flags |
---|---|---|---|---|---|---|
r-devel-linux-x86_64-debian-clang | 0.1-5 | 12.74 | 165.52 | 178.26 | OK | |
r-devel-linux-x86_64-debian-gcc | 0.1-5 | 9.32 | 117.04 | 126.36 | OK | |
r-devel-linux-x86_64-fedora-clang | 0.1-5 | 213.56 | NOTE | |||
r-devel-linux-x86_64-fedora-gcc | 0.1-5 | 216.42 | NOTE | |||
r-prerel-macos-arm64 | 0.1-5 | 61.00 | OK | |||
r-prerel-windows-x86_64 | 0.1-5 | 11.00 | 124.00 | 135.00 | OK | |
r-patched-linux-x86_64 | 0.1-5 | 14.95 | 153.61 | 168.56 | OK | |
r-release-linux-x86_64 | 0.1-5 | 11.35 | 154.23 | 165.58 | OK | |
r-release-macos-arm64 | 0.1-5 | 65.00 | OK | |||
r-release-macos-x86_64 | 0.1-5 | 124.00 | OK | |||
r-release-windows-x86_64 | 0.1-5 | 16.00 | 154.00 | 170.00 | OK | |
r-oldrel-macos-arm64 | 0.1-5 | 58.00 | OK | |||
r-oldrel-windows-x86_64 | 0.1-5 | 16.00 | 158.00 | 174.00 | OK |
Version: 0.1-5
Check: data for non-ASCII characters
Result: NOTE
Note: found 123 marked UTF-8 strings
Flavors: r-devel-linux-x86_64-fedora-clang, r-devel-linux-x86_64-fedora-gcc