Last updated on 2024-04-23 19:51:00 CEST.
Flavor | Version | Tinstall | Tcheck | Ttotal | Status | Flags |
---|---|---|---|---|---|---|
r-devel-linux-x86_64-debian-clang | 1.1.28 | 18.49 | 299.70 | 318.19 | NOTE | |
r-devel-linux-x86_64-debian-gcc | 1.1.28 | 16.29 | 226.28 | 242.57 | NOTE | |
r-devel-linux-x86_64-fedora-clang | 1.1.28 | 401.65 | NOTE | |||
r-devel-linux-x86_64-fedora-gcc | 1.1.28 | 402.40 | NOTE | |||
r-prerel-macos-arm64 | 1.1.28 | 123.00 | NOTE | |||
r-prerel-windows-x86_64 | 1.1.28 | 21.00 | 282.00 | 303.00 | NOTE | |
r-patched-linux-x86_64 | 1.1.28 | 22.73 | 283.08 | 305.81 | NOTE | |
r-release-linux-x86_64 | 1.1.28 | 14.88 | 292.46 | 307.34 | OK | |
r-release-macos-arm64 | 1.1.28 | 122.00 | OK | |||
r-release-macos-x86_64 | 1.1.28 | 194.00 | OK | |||
r-release-windows-x86_64 | 1.1.28 | 25.00 | 362.00 | 387.00 | OK | |
r-oldrel-macos-arm64 | 1.1.25 | 126.00 | OK | |||
r-oldrel-windows-x86_64 | 1.1.25 | 28.00 | 352.00 | 380.00 | OK |
Version: 1.1.28
Check: Rd files
Result: NOTE
checkRd: (-1) abs_parms.Rd:67: Lost braces; missing escapes or markup?
67 | \item $S_{275-295}$ slope between 275 and 295 nm calculated with nonlinear regression
| ^
checkRd: (-1) abs_parms.Rd:68: Lost braces; missing escapes or markup?
68 | \item $S_{350-400}$ slope between 350 and 400 nm calculated with nonlinear regression
| ^
checkRd: (-1) abs_parms.Rd:69: Lost braces; missing escapes or markup?
69 | \item $S_{300-700}$ slope between 275 and 295 nm calculated with nonlinear regression
| ^
checkRd: (-1) abs_parms.Rd:70: Lost braces; missing escapes or markup?
70 | \item SR slope ratio, calculated by $S_{275-295}$/$S_{350-400}$
| ^
checkRd: (-1) abs_parms.Rd:70: Lost braces; missing escapes or markup?
70 | \item SR slope ratio, calculated by $S_{275-295}$/$S_{350-400}$
| ^
checkRd: (-1) abs_parms.Rd:71: Lost braces; missing escapes or markup?
71 | \item E2:E3 ratio $a_{250}$/$a_{365}$
| ^
checkRd: (-1) abs_parms.Rd:71: Lost braces; missing escapes or markup?
71 | \item E2:E3 ratio $a_{250}$/$a_{365}$
| ^
checkRd: (-1) abs_parms.Rd:72: Lost braces; missing escapes or markup?
72 | \item E4:E6 ratio $a_{465}$/$a_{665}$
| ^
checkRd: (-1) abs_parms.Rd:72: Lost braces; missing escapes or markup?
72 | \item E4:E6 ratio $a_{465}$/$a_{665}$
| ^
checkRd: (-1) abs_parms.Rd:73: Lost braces; missing escapes or markup?
73 | \item $a_{254}$ absorbance at 254 nm
| ^
checkRd: (-1) abs_parms.Rd:74: Lost braces; missing escapes or markup?
74 | \item $a_{300}$ absorbance at 300 nm
| ^
Flavors: r-devel-linux-x86_64-debian-clang, r-devel-linux-x86_64-debian-gcc, r-devel-linux-x86_64-fedora-clang, r-devel-linux-x86_64-fedora-gcc, r-prerel-macos-arm64, r-prerel-windows-x86_64, r-patched-linux-x86_64