Last updated on 2024-04-19 07:56:56 CEST.
Flavor | Version | Tinstall | Tcheck | Ttotal | Status | Flags |
---|---|---|---|---|---|---|
r-devel-linux-x86_64-debian-clang | 0.4-11 | 7.44 | 56.23 | 63.67 | NOTE | |
r-devel-linux-x86_64-debian-gcc | 0.4-11 | NOTE | ||||
r-devel-linux-x86_64-fedora-clang | 0.4-11 | 78.66 | NOTE | |||
r-devel-linux-x86_64-fedora-gcc | 0.4-11 | 74.66 | NOTE | |||
r-prerel-macos-arm64 | 0.4-11 | 33.00 | NOTE | |||
r-prerel-windows-x86_64 | 0.4-11 | 6.00 | 58.00 | 64.00 | NOTE | |
r-patched-linux-x86_64 | 0.4-11 | 7.00 | 53.75 | 60.75 | NOTE | |
r-release-linux-x86_64 | 0.4-11 | 6.51 | 50.48 | 56.99 | OK | |
r-release-macos-arm64 | 0.4-11 | 25.00 | OK | |||
r-release-macos-x86_64 | 0.4-11 | 46.00 | OK | |||
r-release-windows-x86_64 | 0.4-11 | 7.00 | 65.00 | 72.00 | OK | |
r-oldrel-macos-arm64 | 0.4-11 | 25.00 | OK | |||
r-oldrel-windows-x86_64 | 0.4-11 | 8.00 | 70.00 | 78.00 | OK |
Version: 0.4-11
Check: Rd files
Result: NOTE
checkRd: (-1) sqldf.Rd:248: Lost braces
248 | and code{port} arguments of sqldf.
| ^
Flavors: r-devel-linux-x86_64-debian-clang, r-devel-linux-x86_64-debian-gcc, r-devel-linux-x86_64-fedora-clang, r-devel-linux-x86_64-fedora-gcc, r-prerel-macos-arm64, r-prerel-windows-x86_64, r-patched-linux-x86_64