Last updated on 2023-12-03 07:52:12 CET.
Flavor | Version | Tinstall | Tcheck | Ttotal | Status | Flags |
---|---|---|---|---|---|---|
r-devel-linux-x86_64-debian-clang | 1.3-2 | 36.38 | 478.17 | 514.55 | OK | |
r-devel-linux-x86_64-debian-gcc | 1.3-2 | 25.84 | 356.84 | 382.68 | OK | |
r-devel-linux-x86_64-fedora-clang | 1.3-2 | 564.88 | NOTE | |||
r-devel-linux-x86_64-fedora-gcc | 1.3-2 | 499.28 | NOTE | |||
r-devel-windows-x86_64 | 1.3-2 | 28.00 | 305.00 | 333.00 | OK | |
r-patched-linux-x86_64 | 1.3-2 | 32.35 | 455.31 | 487.66 | OK | |
r-release-linux-x86_64 | 1.3-2 | 31.66 | 459.66 | 491.32 | OK | |
r-release-macos-arm64 | 1.3-2 | 162.00 | OK | |||
r-release-macos-x86_64 | 1.3-2 | 285.00 | OK | |||
r-release-windows-x86_64 | 1.3-2 | 39.00 | 421.00 | 460.00 | OK | |
r-oldrel-macos-arm64 | 1.3-2 | 114.00 | NOTE | |||
r-oldrel-macos-x86_64 | 1.3-2 | 171.00 | NOTE | |||
r-oldrel-windows-x86_64 | 1.3-2 | 39.00 | 397.00 | 436.00 | OK |
Version: 1.3-2
Check: dependencies in R code
Result: NOTE
Namespace in Imports field not imported from: ‘sp’
All declared Imports should be used.
Flavors: r-devel-linux-x86_64-fedora-clang, r-devel-linux-x86_64-fedora-gcc, r-oldrel-macos-arm64, r-oldrel-macos-x86_64