CRAN Package Check Results for Package spuRs

Last updated on 2024-06-15 19:55:11 CEST.

Flavor Version Tinstall Tcheck Ttotal Status Flags
r-devel-linux-x86_64-debian-clang 2.0.2 3.75 32.93 36.68 NOTE
r-devel-linux-x86_64-debian-gcc 2.0.2 2.28 25.71 27.99 NOTE
r-devel-linux-x86_64-fedora-clang 2.0.2 46.45 NOTE
r-devel-linux-x86_64-fedora-gcc 2.0.2 44.01 NOTE
r-devel-windows-x86_64 2.0.2 4.00 52.00 56.00 NOTE
r-patched-linux-x86_64 2.0.2 3.28 32.80 36.08 NOTE
r-release-linux-x86_64 2.0.2 3.31 32.53 35.84 NOTE
r-release-macos-arm64 2.0.2 19.00 NOTE
r-release-macos-x86_64 2.0.2 31.00 NOTE
r-release-windows-x86_64 2.0.2 5.00 52.00 57.00 NOTE
r-oldrel-macos-arm64 2.0.2 18.00 OK
r-oldrel-macos-x86_64 2.0.2 26.00 OK
r-oldrel-windows-x86_64 2.0.2 5.00 54.00 59.00 OK

Check Details

Version: 2.0.2
Check: Rd files
Result: NOTE checkRd: (-1) vol.m3.Rd:21: Lost braces in \itemize; meant \describe ? checkRd: (-1) vol.m3.Rd:22: Lost braces in \itemize; meant \describe ? checkRd: (-1) vol.m3.Rd:23: Lost braces in \itemize; meant \describe ? Flavors: r-devel-linux-x86_64-debian-clang, r-devel-linux-x86_64-debian-gcc, r-devel-linux-x86_64-fedora-clang, r-devel-linux-x86_64-fedora-gcc, r-devel-windows-x86_64, r-patched-linux-x86_64, r-release-linux-x86_64, r-release-macos-arm64, r-release-macos-x86_64, r-release-windows-x86_64