Last updated on 2023-09-29 08:54:12 CEST.
Flavor | Version | Tinstall | Tcheck | Ttotal | Status | Flags |
---|---|---|---|---|---|---|
r-devel-linux-x86_64-debian-clang | 2019.11-25 | 14.49 | 88.00 | 102.49 | NOTE | |
r-devel-linux-x86_64-debian-gcc | 2019.11-25 | 9.89 | 67.33 | 77.22 | NOTE | |
r-devel-linux-x86_64-fedora-clang | 2019.11-25 | 127.39 | NOTE | |||
r-devel-linux-x86_64-fedora-gcc | 2019.11-25 | 121.57 | NOTE | |||
r-devel-windows-x86_64 | 2019.11-25 | 14.00 | 93.00 | 107.00 | NOTE | |
r-patched-linux-x86_64 | 2019.11-25 | 12.59 | 84.50 | 97.09 | NOTE | |
r-release-linux-x86_64 | 2019.11-25 | 13.31 | 85.26 | 98.57 | NOTE | |
r-release-macos-arm64 | 2019.11-25 | 40.00 | NOTE | |||
r-release-macos-x86_64 | 2019.11-25 | 66.00 | NOTE | |||
r-release-windows-x86_64 | 2019.11-25 | 18.00 | 123.00 | 141.00 | NOTE | |
r-oldrel-macos-arm64 | 2019.11-25 | 36.00 | NOTE | |||
r-oldrel-macos-x86_64 | 2019.11-25 | 52.00 | NOTE | |||
r-oldrel-windows-x86_64 | 2019.11-25 | 17.00 | 114.00 | 131.00 | NOTE |
Version: 2019.11-25
Check: Rd contents
Result: NOTE
Argument items with no description in Rd object 'sim.kong':
‘gamma’ ‘beta’ ‘design’ ‘rho’ ‘seed’ ‘impute’ ‘ppi’
Flavors: r-devel-linux-x86_64-debian-clang, r-devel-linux-x86_64-debian-gcc, r-devel-linux-x86_64-fedora-clang, r-devel-linux-x86_64-fedora-gcc, r-devel-windows-x86_64
Version: 2019.11-25
Check: LazyData
Result: NOTE
'LazyData' is specified without a 'data' directory
Flavors: r-devel-linux-x86_64-debian-clang, r-devel-linux-x86_64-debian-gcc, r-devel-linux-x86_64-fedora-clang, r-devel-linux-x86_64-fedora-gcc, r-devel-windows-x86_64, r-patched-linux-x86_64, r-release-linux-x86_64, r-release-macos-arm64, r-release-macos-x86_64, r-release-windows-x86_64, r-oldrel-macos-arm64, r-oldrel-macos-x86_64, r-oldrel-windows-x86_64