Last updated on 2023-09-24 20:00:36 CEST.
Flavor | Version | Tinstall | Tcheck | Ttotal | Status | Flags |
---|---|---|---|---|---|---|
r-devel-linux-x86_64-debian-clang | 5.5.0 | 30.72 | 438.36 | 469.08 | OK | |
r-devel-linux-x86_64-debian-gcc | 5.5.0 | 27.59 | 317.82 | 345.41 | OK | |
r-devel-linux-x86_64-fedora-clang | 5.5.0 | 579.68 | NOTE | |||
r-devel-linux-x86_64-fedora-gcc | 5.5.0 | 510.08 | OK | |||
r-devel-windows-x86_64 | 5.5.0 | 30.00 | 308.00 | 338.00 | NOTE | |
r-patched-linux-x86_64 | 5.5.0 | 29.80 | 415.68 | 445.48 | OK | |
r-release-linux-x86_64 | 5.5.0 | 29.07 | 414.42 | 443.49 | OK | |
r-release-macos-arm64 | 5.5.0 | 141.00 | NOTE | |||
r-release-macos-x86_64 | 5.5.0 | 252.00 | NOTE | |||
r-release-windows-x86_64 | 5.5.0 | 40.00 | 408.00 | 448.00 | NOTE | |
r-oldrel-macos-arm64 | 5.5.0 | 120.00 | NOTE | |||
r-oldrel-macos-x86_64 | 5.5.0 | 175.00 | NOTE | |||
r-oldrel-windows-x86_64 | 5.5.0 | 41.00 | 379.00 | 420.00 | NOTE |
Version: 5.5.0
Check: installed package size
Result: NOTE
installed size is 7.7Mb
sub-directories of 1Mb or more:
doc 6.1Mb
Flavors: r-devel-linux-x86_64-fedora-clang, r-devel-windows-x86_64, r-release-macos-arm64, r-release-macos-x86_64, r-release-windows-x86_64, r-oldrel-macos-arm64, r-oldrel-macos-x86_64, r-oldrel-windows-x86_64