Last updated on 2024-03-28 19:48:46 CET.
Flavor | Version | Tinstall | Tcheck | Ttotal | Status | Flags |
---|---|---|---|---|---|---|
r-devel-linux-x86_64-debian-clang | 1.0.2.5 | 18.58 | 183.15 | 201.73 | NOTE | |
r-devel-linux-x86_64-debian-gcc | 1.0.2.5 | 18.34 | 136.20 | 154.54 | NOTE | |
r-devel-linux-x86_64-fedora-clang | 1.0.2.5 | 257.61 | NOTE | |||
r-devel-linux-x86_64-fedora-gcc | 1.0.2.5 | 273.25 | NOTE | |||
r-devel-windows-x86_64 | 1.0.2.5 | 21.00 | 136.00 | 157.00 | NOTE | |
r-patched-linux-x86_64 | 1.0.2.5 | 28.02 | 177.14 | 205.16 | NOTE | |
r-release-linux-x86_64 | 1.0.2.5 | 25.64 | 176.39 | 202.03 | OK | |
r-release-macos-arm64 | 1.0.2.5 | 83.00 | OK | |||
r-release-macos-x86_64 | 1.0.2.5 | 134.00 | OK | |||
r-release-windows-x86_64 | 1.0.2.5 | 26.00 | 173.00 | 199.00 | OK | |
r-oldrel-macos-arm64 | 1.0.2.5 | 72.00 | OK | |||
r-oldrel-windows-x86_64 | 1.0.2.5 | 29.00 | 180.00 | 209.00 | OK |
Version: 1.0.2.5
Check: Rd files
Result: NOTE
checkRd: (-1) impactspsur.Rd:42: Lost braces; missing escapes or markup?
42 | and a matching \code{Qres} list attribute if {Q} was given.
| ^
checkRd: (-1) spsur3sls.Rd:158: Lost braces; missing escapes or markup?
158 | the matrix of regressors, of order \emph{(Nxp_{g})}. Moreover,
| ^
checkRd: (-1) spsurgs3sls.Rd:67: Lost braces; missing escapes or markup?
67 | \item{het}{default {FALSE}: if {TRUE} uses the methods
| ^
checkRd: (-1) spsurgs3sls.Rd:67: Lost braces; missing escapes or markup?
67 | \item{het}{default {FALSE}: if {TRUE} uses the methods
| ^
Flavors: r-devel-linux-x86_64-debian-clang, r-devel-linux-x86_64-debian-gcc, r-devel-linux-x86_64-fedora-clang, r-devel-linux-x86_64-fedora-gcc, r-devel-windows-x86_64, r-patched-linux-x86_64