Last updated on 2024-04-19 07:56:56 CEST.
Flavor | Version | Tinstall | Tcheck | Ttotal | Status | Flags |
---|---|---|---|---|---|---|
r-devel-linux-x86_64-debian-clang | 1.1.0 | 5.96 | 51.89 | 57.85 | NOTE | |
r-devel-linux-x86_64-debian-gcc | 1.1.0 | NOTE | ||||
r-devel-linux-x86_64-fedora-clang | 1.1.0 | 69.04 | NOTE | |||
r-devel-linux-x86_64-fedora-gcc | 1.1.0 | 67.18 | NOTE | |||
r-prerel-macos-arm64 | 1.1.0 | 24.00 | NOTE | |||
r-prerel-windows-x86_64 | 1.1.0 | 7.00 | 67.00 | 74.00 | NOTE | |
r-patched-linux-x86_64 | 1.1.0 | 10.03 | 48.41 | 58.44 | NOTE | |
r-release-linux-x86_64 | 1.1.0 | 6.25 | 49.26 | 55.51 | NOTE | |
r-release-macos-arm64 | 1.1.0 | 28.00 | NOTE | |||
r-release-macos-x86_64 | 1.1.0 | 38.00 | NOTE | |||
r-release-windows-x86_64 | 1.1.0 | 7.00 | 74.00 | 81.00 | NOTE | |
r-oldrel-macos-arm64 | 1.1.0 | 24.00 | OK | |||
r-oldrel-windows-x86_64 | 1.1.0 | 8.00 | 71.00 | 79.00 | OK |
Version: 1.1.0
Check: Rd files
Result: NOTE
checkRd: (-1) shpdata1.Rd:7: Lost braces
7 | \format{An object of class /code{"list"}.}
| ^
checkRd: (-1) shypEstFun.Rd:52: Escaped LaTeX specials: \$
checkRd: (-1) shypEstFun.Rd:54: Escaped LaTeX specials: \$
checkRd: (-1) sncFun.01110.Rd:27: Lost braces
27 | The function is Eq. Table 1-C1 in insertRef{Streck.2020}{spsh} using eq 21 which can be used
| ^
checkRd: (-1) sncFun.01110.Rd:27: Lost braces
27 | The function is Eq. Table 1-C1 in insertRef{Streck.2020}{spsh} using eq 21 which can be used
| ^
checkRd: (-1) sncFun.02110.Rd:27: Lost braces
27 | The function is Eq. Table 1-B in insertRef{Streck.2020}{spsh}
| ^
checkRd: (-1) sncFun.02110.Rd:27: Lost braces
27 | The function is Eq. Table 1-B in insertRef{Streck.2020}{spsh}
| ^
checkRd: (-1) sncFun.04110.Rd:27: Lost braces
27 | The function is Eq. Table 1-A in insertRef{Streck.2020}{spsh}
| ^
checkRd: (-1) sncFun.04110.Rd:27: Lost braces
27 | The function is Eq. Table 1-A in insertRef{Streck.2020}{spsh}
| ^
Flavors: r-devel-linux-x86_64-debian-clang, r-devel-linux-x86_64-debian-gcc, r-devel-linux-x86_64-fedora-clang, r-devel-linux-x86_64-fedora-gcc, r-prerel-macos-arm64, r-prerel-windows-x86_64, r-patched-linux-x86_64
Version: 1.1.0
Check: Rd files
Result: NOTE
checkRd: (-1) shypEstFun.Rd:52: Escaped LaTeX specials: \$
checkRd: (-1) shypEstFun.Rd:54: Escaped LaTeX specials: \$
Flavors: r-release-linux-x86_64, r-release-macos-arm64, r-release-macos-x86_64, r-release-windows-x86_64