Last updated on 2024-04-18 08:54:49 CEST.
Flavor | Version | Tinstall | Tcheck | Ttotal | Status | Flags |
---|---|---|---|---|---|---|
r-devel-linux-x86_64-debian-clang | 0.2.0 | 23.17 | 57.56 | 80.73 | NOTE | |
r-devel-linux-x86_64-debian-gcc | 0.2.0 | 16.50 | 43.85 | 60.35 | NOTE | |
r-devel-linux-x86_64-fedora-clang | 0.2.0 | 107.36 | NOTE | |||
r-devel-linux-x86_64-fedora-gcc | 0.2.0 | 111.94 | NOTE | |||
r-prerel-macos-arm64 | 0.2.0 | 35.00 | NOTE | |||
r-prerel-windows-x86_64 | 0.2.0 | 19.00 | 77.00 | 96.00 | NOTE | |
r-patched-linux-x86_64 | 0.2.0 | 21.19 | 55.34 | 76.53 | NOTE | |
r-release-linux-x86_64 | 0.2.0 | 22.24 | 54.02 | 76.26 | NOTE | |
r-release-macos-arm64 | 0.2.0 | 38.00 | NOTE | |||
r-release-macos-x86_64 | 0.2.0 | 50.00 | NOTE | |||
r-release-windows-x86_64 | 0.2.0 | 24.00 | 86.00 | 110.00 | NOTE | |
r-oldrel-macos-arm64 | 0.2.0 | 32.00 | NOTE | |||
r-oldrel-windows-x86_64 | 0.2.0 | 23.00 | 91.00 | 114.00 | OK |
Version: 0.2.0
Check: package subdirectories
Result: NOTE
Problems with news in ‘NEWS.md’:
Cannot extract version info from the following section titles:
updates of 10th May 2021
Flavors: r-devel-linux-x86_64-debian-clang, r-devel-linux-x86_64-debian-gcc, r-devel-linux-x86_64-fedora-clang, r-devel-linux-x86_64-fedora-gcc, r-prerel-macos-arm64, r-prerel-windows-x86_64, r-patched-linux-x86_64, r-release-linux-x86_64, r-release-macos-arm64, r-release-macos-x86_64, r-release-windows-x86_64
Version: 0.2.0
Check: dependencies in R code
Result: NOTE
Namespaces in Imports field not imported from:
‘extrafont’ ‘ggplot2’
All declared Imports should be used.
Flavors: r-devel-linux-x86_64-fedora-clang, r-devel-linux-x86_64-fedora-gcc, r-oldrel-macos-arm64
Version: 0.2.0
Check: package dependencies
Result: NOTE
Package suggested but not available for checking: ‘ggraph’
Flavor: r-release-macos-x86_64