Last updated on 2023-09-28 08:59:03 CEST.
Flavor | Version | Tinstall | Tcheck | Ttotal | Status | Flags |
---|---|---|---|---|---|---|
r-devel-linux-x86_64-debian-clang | 1.2.2 | 7.44 | 45.91 | 53.35 | OK | |
r-devel-linux-x86_64-debian-gcc | 1.2.2 | 5.76 | 36.01 | 41.77 | OK | |
r-devel-linux-x86_64-fedora-clang | 1.2.2 | 68.39 | NOTE | |||
r-devel-linux-x86_64-fedora-gcc | 1.2.2 | 82.19 | NOTE | |||
r-devel-windows-x86_64 | 1.2.2 | 8.00 | 65.00 | 73.00 | OK | |
r-patched-linux-x86_64 | 1.2.2 | 9.54 | 44.94 | 54.48 | OK | |
r-release-linux-x86_64 | 1.2.2 | 8.49 | 45.67 | 54.16 | OK | |
r-release-macos-arm64 | 1.2.2 | 32.00 | OK | |||
r-release-macos-x86_64 | 1.2.2 | 48.00 | OK | |||
r-release-windows-x86_64 | 1.2.2 | 11.00 | 73.00 | 84.00 | OK | |
r-oldrel-macos-arm64 | 1.2.2 | 23.00 | NOTE | |||
r-oldrel-macos-x86_64 | 1.2.2 | 38.00 | NOTE | |||
r-oldrel-windows-x86_64 | 1.2.2 | 11.00 | 64.00 | 75.00 | OK |
Version: 1.2.2
Check: dependencies in R code
Result: NOTE
Namespace in Imports field not imported from: ‘biomod2’
All declared Imports should be used.
Flavors: r-devel-linux-x86_64-fedora-clang, r-devel-linux-x86_64-fedora-gcc, r-oldrel-macos-arm64, r-oldrel-macos-x86_64