Last updated on 2024-03-29 07:54:57 CET.
Flavor | Version | Tinstall | Tcheck | Ttotal | Status | Flags |
---|---|---|---|---|---|---|
r-devel-linux-x86_64-debian-clang | 0.5.1 | 43.47 | 52.56 | 96.03 | OK | |
r-devel-linux-x86_64-debian-gcc | 0.5.1 | 34.69 | 40.03 | 74.72 | OK | |
r-devel-linux-x86_64-fedora-clang | 0.5.1 | 132.93 | OK | |||
r-devel-linux-x86_64-fedora-gcc | 0.5.1 | 147.52 | OK | |||
r-devel-windows-x86_64 | 0.5.1 | 37.00 | 85.00 | 122.00 | OK | |
r-patched-linux-x86_64 | 0.5.1 | 47.48 | 49.84 | 97.32 | OK | |
r-release-linux-x86_64 | 0.5.1 | 44.44 | 47.95 | 92.39 | OK | |
r-release-macos-arm64 | 0.5.1 | 49.00 | NOTE | |||
r-release-macos-x86_64 | 0.5.1 | 138.00 | NOTE | |||
r-release-windows-x86_64 | 0.5.1 | 45.00 | 100.00 | 145.00 | OK | |
r-oldrel-macos-arm64 | 0.5.1 | 42.00 | NOTE | |||
r-oldrel-windows-x86_64 | 0.5.1 | 43.00 | 103.00 | 146.00 | OK |
Version: 0.5.1
Check: installed package size
Result: NOTE
installed size is 5.1Mb
sub-directories of 1Mb or more:
doc 1.2Mb
libs 3.3Mb
Flavors: r-release-macos-arm64, r-release-macos-x86_64, r-oldrel-macos-arm64