Last updated on 2024-04-19 07:56:56 CEST.
Flavor | Version | Tinstall | Tcheck | Ttotal | Status | Flags |
---|---|---|---|---|---|---|
r-devel-linux-x86_64-debian-clang | 1.0.6 | 12.17 | 118.40 | 130.57 | NOTE | |
r-devel-linux-x86_64-debian-gcc | 1.0.6 | NOTE | ||||
r-devel-linux-x86_64-fedora-clang | 1.0.6 | 154.24 | NOTE | |||
r-devel-linux-x86_64-fedora-gcc | 1.0.6 | 160.48 | NOTE | |||
r-prerel-macos-arm64 | 1.0.6 | 49.00 | NOTE | |||
r-prerel-windows-x86_64 | 1.0.6 | 9.00 | 112.00 | 121.00 | NOTE | |
r-patched-linux-x86_64 | 1.0.6 | 11.64 | 110.75 | 122.39 | NOTE | |
r-release-linux-x86_64 | 1.0.6 | 6.93 | 109.13 | 116.06 | OK | |
r-release-macos-arm64 | 1.0.6 | 53.00 | OK | |||
r-release-macos-x86_64 | 1.0.6 | 83.00 | OK | |||
r-release-windows-x86_64 | 1.0.6 | 12.00 | 134.00 | 146.00 | OK | |
r-oldrel-macos-arm64 | 1.0.6 | 45.00 | OK | |||
r-oldrel-windows-x86_64 | 1.0.6 | 15.00 | 144.00 | 159.00 | OK |
Version: 1.0.6
Check: Rd files
Result: NOTE
checkRd: (-1) cartesian_to_xy.Rd:21: Lost braces; missing escapes or markup?
21 | in the polar coordinate system, r_k and r_{k+1} are the radius of the two loops at theta + 2*pi*a and theta + 2*pi*(a+1) that below and above the data point,
| ^
Flavors: r-devel-linux-x86_64-debian-clang, r-devel-linux-x86_64-debian-gcc, r-devel-linux-x86_64-fedora-clang, r-devel-linux-x86_64-fedora-gcc, r-prerel-macos-arm64, r-prerel-windows-x86_64, r-patched-linux-x86_64