CRAN Package Check Results for Package spikeSlabGAM

Last updated on 2023-05-29 20:00:36 CEST.

Flavor Version Tinstall Tcheck Ttotal Status Flags
r-devel-linux-x86_64-debian-clang 1.1-19 20.43 135.93 156.36 OK
r-devel-linux-x86_64-debian-gcc 1.1-19 12.69 100.93 113.62 OK
r-devel-linux-x86_64-fedora-clang 1.1-19 208.90 OK
r-devel-linux-x86_64-fedora-gcc 1.1-19 191.66 OK
r-devel-windows-x86_64 1.1-19 20.00 93.00 113.00 OK --no-vignettes
r-patched-linux-x86_64 1.1-19 19.18 127.45 146.63 OK
r-release-linux-x86_64 1.1-19 18.65 127.38 146.03 OK
r-release-macos-arm64 1.1-19 66.00 OK
r-release-macos-x86_64 1.1-19 103.00 NOTE
r-release-windows-x86_64 1.1-19 23.00 132.00 155.00 OK --no-vignettes
r-oldrel-macos-arm64 1.1-19 52.00 OK
r-oldrel-macos-x86_64 1.1-19 77.00 OK
r-oldrel-windows-x86_64 1.1-19 21.00 132.00 153.00 OK --no-vignettes

Check Details

Version: 1.1-19
Check: package dependencies
Result: NOTE
    Package suggested but not available for checking: ‘mboost’
Flavor: r-release-macos-x86_64