Last updated on 2024-04-19 07:56:56 CEST.
Flavor | Version | Tinstall | Tcheck | Ttotal | Status | Flags |
---|---|---|---|---|---|---|
r-devel-linux-x86_64-debian-clang | 1.3.0 | 212.40 | 191.05 | 403.45 | OK | |
r-devel-linux-x86_64-debian-gcc | 1.3.0 | OK | ||||
r-devel-linux-x86_64-fedora-clang | 1.3.0 | 543.45 | NOTE | |||
r-devel-linux-x86_64-fedora-gcc | 1.3.0 | 580.69 | NOTE | |||
r-prerel-macos-arm64 | 1.3.0 | 165.00 | NOTE | |||
r-prerel-windows-x86_64 | 1.3.0 | 161.00 | 279.00 | 440.00 | OK | |
r-patched-linux-x86_64 | 1.3.0 | 215.31 | 185.15 | 400.46 | OK | |
r-release-linux-x86_64 | 1.3.0 | 201.38 | 179.34 | 380.72 | OK | |
r-release-macos-arm64 | 1.3.0 | 179.00 | NOTE | |||
r-release-macos-x86_64 | 1.3.0 | 306.00 | NOTE | |||
r-release-windows-x86_64 | 1.3.0 | 205.00 | 308.00 | 513.00 | OK | |
r-oldrel-macos-arm64 | 1.3.0 | 161.00 | NOTE | |||
r-oldrel-windows-x86_64 | 1.3.0 | 197.00 | 296.00 | 493.00 | OK |
Version: 1.3.0
Check: data for non-ASCII characters
Result: NOTE
Note: found 189 marked UTF-8 strings
Flavors: r-devel-linux-x86_64-fedora-clang, r-devel-linux-x86_64-fedora-gcc
Version: 1.3.0
Check: installed package size
Result: NOTE
installed size is 17.2Mb
sub-directories of 1Mb or more:
libs 16.1Mb
Flavors: r-prerel-macos-arm64, r-release-macos-arm64, r-release-macos-x86_64, r-oldrel-macos-arm64