Last updated on 2023-05-28 20:04:10 CEST.
Flavor | Version | Tinstall | Tcheck | Ttotal | Status | Flags |
---|---|---|---|---|---|---|
r-devel-linux-x86_64-debian-clang | 1.0.1 | 204.58 | 166.59 | 371.17 | NOTE | |
r-devel-linux-x86_64-debian-gcc | 1.0.1 | 159.66 | 119.51 | 279.17 | NOTE | |
r-devel-linux-x86_64-fedora-clang | 1.0.1 | 559.54 | NOTE | |||
r-devel-linux-x86_64-fedora-gcc | 1.0.1 | 543.29 | NOTE | |||
r-devel-windows-x86_64 | 1.0.1 | 146.00 | 273.00 | 419.00 | NOTE | |
r-patched-linux-x86_64 | 1.0.1 | 181.08 | 161.74 | 342.82 | NOTE | |
r-release-linux-x86_64 | 1.0.1 | 165.82 | 159.25 | 325.07 | NOTE | |
r-release-macos-arm64 | 1.0.1 | 187.00 | NOTE | |||
r-release-macos-x86_64 | 1.0.1 | 291.00 | NOTE | |||
r-release-windows-x86_64 | 1.0.1 | 194.00 | 290.00 | 484.00 | NOTE | |
r-oldrel-macos-arm64 | 1.0.1 | 163.00 | NOTE | |||
r-oldrel-macos-x86_64 | 1.0.1 | 188.00 | NOTE | |||
r-oldrel-windows-x86_64 | 1.0.1 | 188.00 | 283.00 | 471.00 | OK |
Version: 1.0.1
Check: C++ specification
Result: NOTE
Specified C++11: please drop specification unless essential
Flavors: r-devel-linux-x86_64-debian-clang, r-devel-linux-x86_64-debian-gcc, r-devel-linux-x86_64-fedora-clang, r-devel-linux-x86_64-fedora-gcc, r-devel-windows-x86_64, r-patched-linux-x86_64, r-release-linux-x86_64, r-release-macos-arm64, r-release-macos-x86_64, r-release-windows-x86_64
Version: 1.0.1
Check: data for non-ASCII characters
Result: NOTE
Note: found 189 marked UTF-8 strings
Flavors: r-devel-linux-x86_64-fedora-clang, r-devel-linux-x86_64-fedora-gcc, r-oldrel-macos-arm64, r-oldrel-macos-x86_64
Version: 1.0.1
Check: installed package size
Result: NOTE
installed size is 18.2Mb
sub-directories of 1Mb or more:
libs 17.2Mb
Flavors: r-release-macos-arm64, r-release-macos-x86_64, r-oldrel-macos-arm64, r-oldrel-macos-x86_64