Last updated on 2024-04-18 08:54:49 CEST.
Flavor | Version | Tinstall | Tcheck | Ttotal | Status | Flags |
---|---|---|---|---|---|---|
r-devel-linux-x86_64-debian-clang | 2.0 | 18.26 | 188.63 | 206.89 | OK | |
r-devel-linux-x86_64-debian-gcc | 2.0 | 17.15 | 139.39 | 156.54 | OK | |
r-devel-linux-x86_64-fedora-clang | 2.0 | 256.91 | NOTE | |||
r-devel-linux-x86_64-fedora-gcc | 2.0 | 259.07 | NOTE | |||
r-prerel-macos-arm64 | 2.0 | 74.00 | OK | |||
r-prerel-windows-x86_64 | 2.0 | 18.00 | 162.00 | 180.00 | OK | |
r-patched-linux-x86_64 | 2.0 | 23.14 | 182.45 | 205.59 | OK | |
r-release-linux-x86_64 | 2.0 | 22.74 | 183.82 | 206.56 | OK | |
r-release-macos-arm64 | 2.0 | 88.00 | OK | |||
r-release-macos-x86_64 | 2.0 | 153.00 | OK | |||
r-release-windows-x86_64 | 2.0 | 24.00 | 201.00 | 225.00 | OK | |
r-oldrel-macos-arm64 | 2.0 | 132.00 | NOTE | |||
r-oldrel-windows-x86_64 | 2.0 | 23.00 | 199.00 | 222.00 | OK |
Version: 2.0
Check: dependencies in R code
Result: NOTE
Namespaces in Imports field not imported from:
‘sf’ ‘spData’
All declared Imports should be used.
Flavors: r-devel-linux-x86_64-fedora-clang, r-devel-linux-x86_64-fedora-gcc, r-oldrel-macos-arm64