Last updated on 2024-04-17 19:58:53 CEST.
Flavor | Version | Tinstall | Tcheck | Ttotal | Status | Flags |
---|---|---|---|---|---|---|
r-devel-linux-x86_64-debian-clang | 0.1.0 | 15.12 | 114.79 | 129.91 | NOTE | |
r-devel-linux-x86_64-debian-gcc | 0.1.0 | 11.05 | 84.55 | 95.60 | NOTE | |
r-devel-linux-x86_64-fedora-clang | 0.1.0 | 156.50 | NOTE | |||
r-devel-linux-x86_64-fedora-gcc | 0.1.0 | 163.28 | NOTE | |||
r-prerel-macos-arm64 | 0.1.0 | 52.00 | NOTE | |||
r-prerel-windows-x86_64 | 0.1.0 | 11.00 | 100.00 | 111.00 | NOTE | |
r-patched-linux-x86_64 | 0.1.0 | 9.68 | 109.37 | 119.05 | NOTE | |
r-release-linux-x86_64 | 0.1.0 | 10.18 | 110.82 | 121.00 | OK | |
r-release-macos-arm64 | 0.1.0 | 52.00 | OK | |||
r-release-macos-x86_64 | 0.1.0 | 89.00 | OK | |||
r-release-windows-x86_64 | 0.1.0 | 15.00 | 122.00 | 137.00 | OK | |
r-oldrel-macos-arm64 | 0.1.0 | 48.00 | OK | |||
r-oldrel-windows-x86_64 | 0.1.0 | 18.00 | 119.00 | 137.00 | OK |
Version: 0.1.0
Check: Rd files
Result: NOTE
checkRd: (-1) moment_empirical_var.Rd:15: Lost braces; missing escapes or markup?
15 | {alpha, alpha_I, beta, gamma}.
| ^
Flavors: r-devel-linux-x86_64-debian-clang, r-devel-linux-x86_64-debian-gcc, r-devel-linux-x86_64-fedora-clang, r-devel-linux-x86_64-fedora-gcc, r-prerel-macos-arm64, r-prerel-windows-x86_64, r-patched-linux-x86_64
Version: 0.1.0
Check: Rd \usage sections
Result: NOTE
Objects in \usage without \alias in Rd file 'add_details.Rd':
‘\S4method{add_details}{spflow_model}’
Functions with \usage entries need to have the appropriate \alias
entries, and all their arguments documented.
The \usage entries must correspond to syntactically valid R code.
See chapter ‘Writing R documentation files’ in the ‘Writing R
Extensions’ manual.
Flavors: r-devel-linux-x86_64-debian-clang, r-devel-linux-x86_64-debian-gcc, r-devel-linux-x86_64-fedora-clang, r-devel-linux-x86_64-fedora-gcc, r-prerel-macos-arm64, r-prerel-windows-x86_64, r-patched-linux-x86_64