CRAN Package Check Results for Package speech

Last updated on 2023-12-03 07:52:12 CET.

Flavor Version Tinstall Tcheck Ttotal Status Flags
r-devel-linux-x86_64-debian-clang 0.1.5 8.95 57.60 66.55 NOTE
r-devel-linux-x86_64-debian-gcc 0.1.5 6.48 42.61 49.09 NOTE
r-devel-linux-x86_64-fedora-clang 0.1.5 80.17 OK
r-devel-linux-x86_64-fedora-gcc 0.1.5 74.75 OK
r-devel-windows-x86_64 0.1.5 7.00 60.00 67.00 OK
r-patched-linux-x86_64 0.1.5 5.32 53.37 58.69 OK
r-release-linux-x86_64 0.1.5 4.77 52.91 57.68 OK
r-release-macos-arm64 0.1.5 27.00 OK
r-release-macos-x86_64 0.1.5 39.00 OK
r-release-windows-x86_64 0.1.5 10.00 66.00 76.00 OK
r-oldrel-macos-arm64 0.1.5 30.00 OK
r-oldrel-macos-x86_64 0.1.5 37.00 OK
r-oldrel-windows-x86_64 0.1.5 10.00 72.00 82.00 OK

Check Details

Version: 0.1.5
Check: Rd files
Result: NOTE checkRd: (-1) speech_recompiler.Rd:25: Lost braces; missing escapes or markup? 25 | The default compilation is that of \ code {speech_build (., compiler = TRUE}). | ^ Flavors: r-devel-linux-x86_64-debian-clang, r-devel-linux-x86_64-debian-gcc