Last updated on 2024-03-29 07:54:57 CET.
Flavor | Version | Tinstall | Tcheck | Ttotal | Status | Flags |
---|---|---|---|---|---|---|
r-devel-linux-x86_64-debian-clang | 0.2.3 | 64.77 | 102.24 | 167.01 | OK | |
r-devel-linux-x86_64-debian-gcc | 0.2.3 | 52.61 | 75.93 | 128.54 | OK | |
r-devel-linux-x86_64-fedora-clang | 0.2.3 | 241.73 | OK | |||
r-devel-linux-x86_64-fedora-gcc | 0.2.3 | 242.66 | OK | |||
r-devel-windows-x86_64 | 0.2.3 | 52.00 | 115.00 | 167.00 | OK | |
r-patched-linux-x86_64 | 0.2.3 | 71.26 | 96.76 | 168.02 | OK | |
r-release-linux-x86_64 | 0.2.3 | 63.70 | 82.42 | 146.12 | OK | |
r-release-macos-arm64 | 0.2.3 | 62.00 | NOTE | |||
r-release-macos-x86_64 | 0.2.3 | 107.00 | NOTE | |||
r-release-windows-x86_64 | 0.2.3 | 66.00 | 127.00 | 193.00 | OK | |
r-oldrel-macos-arm64 | 0.2.3 | 52.00 | NOTE | |||
r-oldrel-windows-x86_64 | 0.2.3 | 62.00 | 122.00 | 184.00 | OK |
Version: 0.2.3
Check: installed package size
Result: NOTE
installed size is 7.4Mb
sub-directories of 1Mb or more:
doc 3.1Mb
libs 3.9Mb
Flavors: r-release-macos-arm64, r-release-macos-x86_64, r-oldrel-macos-arm64