Last updated on 2024-04-18 20:56:07 CEST.
Flavor | Version | Tinstall | Tcheck | Ttotal | Status | Flags |
---|---|---|---|---|---|---|
r-devel-linux-x86_64-debian-clang | 0.0.1.7 | 61.46 | 36.23 | 97.69 | NOTE | |
r-devel-linux-x86_64-debian-gcc | 0.0.1.7 | 41.41 | 27.36 | 68.77 | NOTE | |
r-devel-linux-x86_64-fedora-clang | 0.0.1.7 | 147.80 | NOTE | |||
r-devel-linux-x86_64-fedora-gcc | 0.0.1.7 | 142.99 | NOTE | |||
r-prerel-macos-arm64 | 0.0.1.7 | 37.00 | NOTE | |||
r-prerel-windows-x86_64 | 0.0.1.7 | 47.00 | 67.00 | 114.00 | NOTE | |
r-patched-linux-x86_64 | 0.0.1.7 | 54.23 | 35.15 | 89.38 | NOTE | |
r-release-linux-x86_64 | 0.0.1.7 | 55.41 | 32.60 | 88.01 | NOTE | |
r-release-macos-arm64 | 0.0.1.7 | 40.00 | NOTE | |||
r-release-macos-x86_64 | 0.0.1.7 | 68.00 | NOTE | |||
r-release-windows-x86_64 | 0.0.1.7 | 42.00 | 80.00 | 122.00 | NOTE | |
r-oldrel-macos-arm64 | 0.0.1.7 | 36.00 | NOTE | |||
r-oldrel-windows-x86_64 | 0.0.1.7 | 56.00 | 77.00 | 133.00 | NOTE |
Version: 0.0.1.7
Check: package subdirectories
Result: NOTE
Problems with news in ‘NEWS.md’:
Cannot extract version info from the following section titles:
Roadmap of specklestar package
Flavors: r-devel-linux-x86_64-debian-clang, r-devel-linux-x86_64-debian-gcc, r-devel-linux-x86_64-fedora-clang, r-devel-linux-x86_64-fedora-gcc, r-prerel-macos-arm64, r-prerel-windows-x86_64, r-patched-linux-x86_64, r-release-linux-x86_64, r-release-macos-arm64, r-release-macos-x86_64, r-release-windows-x86_64
Version: 0.0.1.7
Check: LazyData
Result: NOTE
'LazyData' is specified without a 'data' directory
Flavors: r-devel-linux-x86_64-debian-clang, r-devel-linux-x86_64-debian-gcc, r-devel-linux-x86_64-fedora-clang, r-devel-linux-x86_64-fedora-gcc, r-prerel-macos-arm64, r-prerel-windows-x86_64, r-patched-linux-x86_64, r-release-linux-x86_64, r-release-macos-arm64, r-release-macos-x86_64, r-release-windows-x86_64, r-oldrel-macos-arm64, r-oldrel-windows-x86_64