Last updated on 2024-04-17 19:58:53 CEST.
Flavor | Version | Tinstall | Tcheck | Ttotal | Status | Flags |
---|---|---|---|---|---|---|
r-devel-linux-x86_64-debian-clang | 3.0-1 | 11.42 | 109.85 | 121.27 | NOTE | |
r-devel-linux-x86_64-debian-gcc | 3.0-1 | 8.65 | 80.31 | 88.96 | NOTE | |
r-devel-linux-x86_64-fedora-clang | 3.0-1 | 147.40 | NOTE | |||
r-devel-linux-x86_64-fedora-gcc | 3.0-1 | 138.93 | NOTE | |||
r-prerel-macos-arm64 | 3.0-1 | 56.00 | NOTE | |||
r-prerel-windows-x86_64 | 3.0-1 | 9.00 | 88.00 | 97.00 | NOTE | |
r-patched-linux-x86_64 | 3.0-1 | 6.69 | 101.41 | 108.10 | NOTE | |
r-release-linux-x86_64 | 3.0-1 | 8.65 | 102.65 | 111.30 | NOTE | |
r-release-macos-arm64 | 3.0-1 | 51.00 | NOTE | |||
r-release-macos-x86_64 | 3.0-1 | 87.00 | NOTE | |||
r-release-windows-x86_64 | 3.0-1 | 11.00 | 106.00 | 117.00 | NOTE | |
r-oldrel-macos-arm64 | 3.0-1 | 65.00 | NOTE | |||
r-oldrel-windows-x86_64 | 3.0-1 | 12.00 | 116.00 | 128.00 | NOTE |
Version: 3.0-1
Check: package dependencies
Result: NOTE
Depends: includes the non-default packages:
'spatstat.geom', 'spatstat.random', 'spatstat.explore',
'spatstat.model', 'spatstat.linnet', 'spatstat.data', 'spatstat',
'rpanel', 'tcltk'
Adding so many packages to the search path is excessive and importing
selectively is preferable.
Flavors: r-devel-linux-x86_64-debian-clang, r-devel-linux-x86_64-debian-gcc, r-devel-linux-x86_64-fedora-clang, r-devel-linux-x86_64-fedora-gcc, r-prerel-macos-arm64, r-prerel-windows-x86_64, r-patched-linux-x86_64, r-release-linux-x86_64, r-release-macos-arm64, r-release-macos-x86_64, r-release-windows-x86_64, r-oldrel-macos-arm64, r-oldrel-windows-x86_64