Last updated on 2023-09-24 08:58:30 CEST.
Flavor | Version | Tinstall | Tcheck | Ttotal | Status | Flags |
---|---|---|---|---|---|---|
r-devel-linux-x86_64-debian-clang | 3.0-1 | 10.49 | 107.97 | 118.46 | NOTE | |
r-devel-linux-x86_64-debian-gcc | 3.0-1 | 9.03 | 83.79 | 92.82 | NOTE | |
r-devel-linux-x86_64-fedora-clang | 3.0-1 | 151.11 | NOTE | |||
r-devel-linux-x86_64-fedora-gcc | 3.0-1 | 151.81 | NOTE | |||
r-devel-windows-x86_64 | 3.0-1 | 10.00 | 95.00 | 105.00 | NOTE | |
r-patched-linux-x86_64 | 3.0-1 | 10.84 | 105.89 | 116.73 | NOTE | |
r-release-linux-x86_64 | 3.0-1 | 8.04 | 109.14 | 117.18 | NOTE | |
r-release-macos-arm64 | 3.0-1 | 51.00 | NOTE | |||
r-release-macos-x86_64 | 3.0-1 | 87.00 | NOTE | |||
r-release-windows-x86_64 | 3.0-1 | 12.00 | 112.00 | 124.00 | NOTE | |
r-oldrel-macos-arm64 | 3.0-1 | 65.00 | NOTE | |||
r-oldrel-macos-x86_64 | 3.0-1 | 83.00 | NOTE | |||
r-oldrel-windows-x86_64 | 3.0-1 | 13.00 | 123.00 | 136.00 | NOTE |
Version: 3.0-1
Check: package dependencies
Result: NOTE
Depends: includes the non-default packages:
'spatstat.geom', 'spatstat.random', 'spatstat.explore',
'spatstat.model', 'spatstat.linnet', 'spatstat.data', 'spatstat',
'rpanel', 'tcltk'
Adding so many packages to the search path is excessive and importing
selectively is preferable.
Flavors: r-devel-linux-x86_64-debian-clang, r-devel-linux-x86_64-debian-gcc, r-devel-linux-x86_64-fedora-clang, r-devel-linux-x86_64-fedora-gcc, r-devel-windows-x86_64, r-patched-linux-x86_64, r-release-linux-x86_64, r-release-macos-arm64, r-release-macos-x86_64, r-release-windows-x86_64, r-oldrel-macos-arm64, r-oldrel-macos-x86_64, r-oldrel-windows-x86_64